-- Table structure for table `measur_wc_category_lookup`
--

CREATE TABLE `measur_wc_category_lookup` (
  `category_tree_id` bigint UNSIGNED NOT NULL,
  `category_id` bigint UNSIGNED NOT NULL
) ENGINE=InnoDB DEFAULT CHARSET=utf8mb4 COLLATE=utf8mb4_unicode_520_ci;

--
-- Dumping data for table `measur_wc_category_lookup`
--

INSERT INTO `measur_wc_category_lookup` (`category_tree_id`, `category_id`) VALUES
(101, 101),
(101, 102),
(101, 105),
(101, 106),
(101, 107),
(101, 110),
(101, 111),
(101, 112),
(101, 113),
(101, 114),
(101, 115),
(101, 116),
(101, 117),
(101, 118),
(101, 119),
(101, 120),
(101, 121),
(101, 122),
(101, 186),
(101, 188),
(101, 189),
(101, 190),
(101, 191),
(101, 195),
(101, 201),
(101, 222),
(102, 102),
(105, 105),
(106, 106),
(107, 107),
(108, 108),
(108, 109),
(108, 123),
(108, 124),
(108, 125),
(108, 135),
(108, 138),
(108, 202),
(108, 206),
(109, 109),
(110, 110),
(111, 111),
(112, 112),
(113, 113),
(114, 114),
(115, 115),
(116, 116),
(117, 117),
(118, 118),
(119, 119),
(120, 120),
(121, 121),
(122, 122),
(123, 123),
(124, 124),
(125, 125),
(127, 127),
(127, 128),
(127, 129),
(127, 130),
(127, 131),
(127, 132),
(127, 133),
(127, 134),
(127, 136),
(127, 137),
(128, 128),
(129, 128),
(129, 129),
(129, 130),
(130, 130),
(131, 131),
(131, 132),
(131, 133),
(131, 134),
(132, 132),
(133, 133),
(134, 134),
(135, 135),
(136, 136),
(137, 137),
(138, 138),
(139, 139),
(140, 139),
(140, 140),
(140, 141),
(141, 141),
(142, 142),
(142, 143),
(142, 144),
(142, 145),
(142, 146),
(142, 147),
(142, 148),
(142, 200),
(142, 205),
(143, 143),
(144, 144),
(145, 145),
(146, 146),
(147, 147),
(148, 148),
(149, 149),
(149, 150),
(149, 151),
(149, 152),
(149, 153),
(149, 154),
(149, 157),
(149, 158),
(149, 159),
(149, 160),
(149, 161),
(149, 162),
(149, 163),
(149, 164),
(149, 165),
(149, 166),
(149, 167),
(149, 168),
(149, 169),
(149, 170),
(149, 171),
(150, 150),
(151, 151),
(152, 152),
(153, 153),
(154, 154),
(155, 155),
(156, 155),
(156, 156),
(156, 172),
(156, 175),
(156, 176),
(156, 178),
(156, 179),
(156, 192),
(156, 193),
(156, 194),
(156, 196),
(156, 203),
(157, 157),
(158, 158),
(159, 159),
(160, 160),
(161, 161),
(162, 162),
(163, 163),
(164, 164),
(165, 165),
(166, 166),
(167, 167),
(168, 168),
(169, 169),
(170, 170),
(171, 171),
(172, 172),
(173, 173),
(173, 174),
(173, 177),
(173, 180),
(173, 181),
(173, 182),
(173, 183),
(173, 184),
(173, 185),
(174, 174),
(175, 175),
(176, 176),
(177, 177),
(178, 178),
(179, 179),
(180, 180),
(181, 181),
(182, 182),
(183, 183),
(184, 184),
(185, 185),
(186, 186),
(188, 188),
(189, 189),
(190, 190),
(191, 191),
(192, 192),
(193, 193),
(194, 194),
(195, 195),
(196, 196),
(200, 200),
(201, 201),
(202, 202),
(203, 203),
(204, 204),
(205, 205),
(206, 206),
(207, 207),
(207, 208),
(207, 209),
(208, 208),
(209, 209),
(219, 219),
(222, 222);

-- --------------------------------------------------------

--
-- Table structure for table `measur_wc_customer_lookup`
--

CREATE TABLE `measur_wc_customer_lookup` (
  `customer_id` bigint UNSIGNED NOT NULL,
  `user_id` bigint UNSIGNED DEFAULT NULL,
  `username` varchar(60) CHARACTER SET utf8mb4 COLLATE utf8mb4_unicode_520_ci NOT NULL DEFAULT '',
  `first_name` varchar(255) CHARACTER SET utf8mb4 COLLATE utf8mb4_unicode_520_ci NOT NULL,
  `last_name` varchar(255) CHARACTER SET utf8mb4 COLLATE utf8mb4_unicode_520_ci NOT NULL,
  `email` varchar(100) CHARACTER SET utf8mb4 COLLATE utf8mb4_unicode_520_ci DEFAULT NULL,
  `date_last_active` timestamp NULL DEFAULT NULL,
  `date_registered` timestamp NULL DEFAULT NULL,
  `country` char(2) CHARACTER SET utf8mb4 COLLATE utf8mb4_unicode_520_ci NOT NULL DEFAULT '',
  `postcode` varchar(20) CHARACTER SET utf8mb4 COLLATE utf8mb4_unicode_520_ci NOT NULL DEFAULT '',
  `city` varchar(100) CHARACTER SET utf8mb4 COLLATE utf8mb4_unicode_520_ci NOT NULL DEFAULT '',
  `state` varchar(100) CHARACTER SET utf8mb4 COLLATE utf8mb4_unicode_520_ci NOT NULL DEFAULT ''
) ENGINE=InnoDB DEFAULT CHARSET=utf8mb4 COLLATE=utf8mb4_unicode_520_ci;

--
-- Dumping data for table `measur_wc_customer_lookup`
--

INSERT INTO `measur_wc_customer_lookup` (`customer_id`, `user_id`, `username`, `first_name`, `last_name`, `email`, `date_last_active`, `date_registered`, `country`, `postcode`, `city`, `state`) VALUES
(2, NULL, '', 'aarohi', 'trivedi', 'jaythakkar116@gmail.com', '2023-04-22 04:20:57', NULL, 'IN', '360003', 'Rajkot', 'GJ'),
(3, NULL, '', 'Nicholas', 'Tung', 'tungkaisheng@gmail.com', '2024-04-10 20:00:13', NULL, 'SG', '520224', '', ''),
(4, 1, 'admin', 'Dhruvesh', 'testing', 'dhruvesh@nicktung.com', '2024-06-03 19:14:14', '2016-05-18 01:59:30', 'SG', '26532', 'asd', '');

-- --------------------------------------------------------

--
-- Table structure for table `measur_wc_download_log`
--

CREATE TABLE `measur_wc_download_log` (
  `download_log_id` bigint UNSIGNED NOT NULL,
  `timestamp` datetime NOT NULL,
  `permission_id` bigint UNSIGNED NOT NULL,
  `user_id` bigint UNSIGNED DEFAULT NULL,
  `user_ip_address` varchar(100) CHARACTER SET utf8mb4 COLLATE utf8mb4_unicode_520_ci DEFAULT ''
) ENGINE=InnoDB DEFAULT CHARSET=utf8mb4 COLLATE=utf8mb4_unicode_520_ci;

-- --------------------------------------------------------

--
-- Table structure for table `measur_wc_orders`
--

CREATE TABLE `measur_wc_orders` (
  `id` bigint UNSIGNED NOT NULL,
  `status` varchar(20) CHARACTER SET utf8mb4 COLLATE utf8mb4_unicode_520_ci DEFAULT NULL,
  `currency` varchar(10) CHARACTER SET utf8mb4 COLLATE utf8mb4_unicode_520_ci DEFAULT NULL,
  `type` varchar(20) CHARACTER SET utf8mb4 COLLATE utf8mb4_unicode_520_ci DEFAULT NULL,
  `tax_amount` decimal(26,8) DEFAULT NULL,
  `total_amount` decimal(26,8) DEFAULT NULL,
  `customer_id` bigint UNSIGNED DEFAULT NULL,
  `billing_email` varchar(320) CHARACTER SET utf8mb4 COLLATE utf8mb4_unicode_520_ci DEFAULT NULL,
  `date_created_gmt` datetime DEFAULT NULL,
  `date_updated_gmt` datetime DEFAULT NULL,
  `parent_order_id` bigint UNSIGNED DEFAULT NULL,
  `payment_method` varchar(100) CHARACTER SET utf8mb4 COLLATE utf8mb4_unicode_520_ci DEFAULT NULL,
  `payment_method_title` text CHARACTER SET utf8mb4 COLLATE utf8mb4_unicode_520_ci,
  `transaction_id` varchar(100) CHARACTER SET utf8mb4 COLLATE utf8mb4_unicode_520_ci DEFAULT NULL,
  `ip_address` varchar(100) CHARACTER SET utf8mb4 COLLATE utf8mb4_unicode_520_ci DEFAULT NULL,
  `user_agent` text CHARACTER SET utf8mb4 COLLATE utf8mb4_unicode_520_ci,
  `customer_note` text CHARACTER SET utf8mb4 COLLATE utf8mb4_unicode_520_ci
) ENGINE=InnoDB DEFAULT CHARSET=utf8mb4 COLLATE=utf8mb4_unicode_520_ci;

-- --------------------------------------------------------

--
-- Table structure for table `measur_wc_orders_meta`
--

CREATE TABLE `measur_wc_orders_meta` (
  `id` bigint UNSIGNED NOT NULL,
  `order_id` bigint UNSIGNED DEFAULT NULL,
  `meta_key` varchar(255) CHARACTER SET utf8mb4 COLLATE utf8mb4_unicode_520_ci DEFAULT NULL,
  `meta_value` text CHARACTER SET utf8mb4 COLLATE utf8mb4_unicode_520_ci
) ENGINE=InnoDB DEFAULT CHARSET=utf8mb4 COLLATE=utf8mb4_unicode_520_ci;

-- --------------------------------------------------------

--
-- Table structure for table `measur_wc_order_addresses`
--

CREATE TABLE `measur_wc_order_addresses` (
  `id` bigint UNSIGNED NOT NULL,
  `order_id` bigint UNSIGNED NOT NULL,
  `address_type` varchar(20) CHARACTER SET utf8mb4 COLLATE utf8mb4_unicode_520_ci DEFAULT NULL,
  `first_name` text CHARACTER SET utf8mb4 COLLATE utf8mb4_unicode_520_ci,
  `last_name` text CHARACTER SET utf8mb4 COLLATE utf8mb4_unicode_520_ci,
  `company` text CHARACTER SET utf8mb4 COLLATE utf8mb4_unicode_520_ci,
  `address_1` text CHARACTER SET utf8mb4 COLLATE utf8mb4_unicode_520_ci,
  `address_2` text CHARACTER SET utf8mb4 COLLATE utf8mb4_unicode_520_ci,
  `city` text CHARACTER SET utf8mb4 COLLATE utf8mb4_unicode_520_ci,
  `state` text CHARACTER SET utf8mb4 COLLATE utf8mb4_unicode_520_ci,
  `postcode` text CHARACTER SET utf8mb4 COLLATE utf8mb4_unicode_520_ci,
  `country` text CHARACTER SET utf8mb4 COLLATE utf8mb4_unicode_520_ci,
  `email` varchar(320) CHARACTER SET utf8mb4 COLLATE utf8mb4_unicode_520_ci DEFAULT NULL,
  `phone` varchar(100) CHARACTER SET utf8mb4 COLLATE utf8mb4_unicode_520_ci DEFAULT NULL
) ENGINE=InnoDB DEFAULT CHARSET=utf8mb4 COLLATE=utf8mb4_unicode_520_ci;

-- --------------------------------------------------------

--
-- Table structure for table `measur_wc_order_coupon_lookup`
--

CREATE TABLE `measur_wc_order_coupon_lookup` (
  `order_id` bigint UNSIGNED NOT NULL,
  `coupon_id` bigint NOT NULL,
  `date_created` datetime NOT NULL DEFAULT '0000-00-00 00:00:00',
  `discount_amount` double NOT NULL DEFAULT '0'
) ENGINE=InnoDB DEFAULT CHARSET=utf8mb4 COLLATE=utf8mb4_unicode_520_ci;

-- --------------------------------------------------------

--
-- Table structure for table `measur_wc_order_operational_data`
--

CREATE TABLE `measur_wc_order_operational_data` (
  `id` bigint UNSIGNED NOT NULL,
  `order_id` bigint UNSIGNED DEFAULT NULL,
  `created_via` varchar(100) CHARACTER SET utf8mb4 COLLATE utf8mb4_unicode_520_ci DEFAULT NULL,
  `woocommerce_version` varchar(20) CHARACTER SET utf8mb4 COLLATE utf8mb4_unicode_520_ci DEFAULT NULL,
  `prices_include_tax` tinyint(1) DEFAULT NULL,
  `coupon_usages_are_counted` tinyint(1) DEFAULT NULL,
  `download_permission_granted` tinyint(1) DEFAULT NULL,
  `cart_hash` varchar(100) CHARACTER SET utf8mb4 COLLATE utf8mb4_unicode_520_ci DEFAULT NULL,
  `new_order_email_sent` tinyint(1) DEFAULT NULL,
  `order_key` varchar(100) CHARACTER SET utf8mb4 COLLATE utf8mb4_unicode_520_ci DEFAULT NULL,
  `order_stock_reduced` tinyint(1) DEFAULT NULL,
  `date_paid_gmt` datetime DEFAULT NULL,
  `date_completed_gmt` datetime DEFAULT NULL,
  `shipping_tax_amount` decimal(26,8) DEFAULT NULL,
  `shipping_total_amount` decimal(26,8) DEFAULT NULL,
  `discount_tax_amount` decimal(26,8) DEFAULT NULL,
  `discount_total_amount` decimal(26,8) DEFAULT NULL,
  `recorded_sales` tinyint(1) DEFAULT NULL
) ENGINE=InnoDB DEFAULT CHARSET=utf8mb4 COLLATE=utf8mb4_unicode_520_ci;

-- --------------------------------------------------------

--
-- Table structure for table `measur_wc_order_product_lookup`
--

CREATE TABLE `measur_wc_order_product_lookup` (
  `order_item_id` bigint UNSIGNED NOT NULL,
  `order_id` bigint UNSIGNED NOT NULL,
  `product_id` bigint UNSIGNED NOT NULL,
  `variation_id` bigint UNSIGNED NOT NULL,
  `customer_id` bigint UNSIGNED DEFAULT NULL,
  `date_created` datetime NOT NULL DEFAULT '0000-00-00 00:00:00',
  `product_qty` int NOT NULL,
  `product_net_revenue` double NOT NULL DEFAULT '0',
  `product_gross_revenue` double NOT NULL DEFAULT '0',
  `coupon_amount` double NOT NULL DEFAULT '0',
  `tax_amount` double NOT NULL DEFAULT '0',
  `shipping_amount` double NOT NULL DEFAULT '0',
  `shipping_tax_amount` double NOT NULL DEFAULT '0'
) ENGINE=InnoDB DEFAULT CHARSET=utf8mb4 COLLATE=utf8mb4_unicode_520_ci;

--
-- Dumping data for table `measur_wc_order_product_lookup`
--

INSERT INTO `measur_wc_order_product_lookup` (`order_item_id`, `order_id`, `product_id`, `variation_id`, `customer_id`, `date_created`, `product_qty`, `product_net_revenue`, `product_gross_revenue`, `coupon_amount`, `tax_amount`, `shipping_amount`, `shipping_tax_amount`) VALUES
(7, 7824, 7767, 0, 2, '2023-04-22 12:20:57', 2, 40, 40, 0, 0, 0, 0),
(12, 7937, 1161, 0, 3, '2024-04-08 08:08:55', 2, 3500, 3500, 0, 0, 0, 0),
(22, 7982, 1161, 0, 3, '2024-04-11 04:00:13', 3, 5250, 5250, 0, 0, 0, 0),
(27, 7989, 7894, 0, 4, '2024-04-17 08:47:53', 1, 16455.73, 16455.73, 0, 0, 0, 0),
(28, 7995, 7894, 0, 4, '2024-06-04 03:14:14', 2, 32911.46, 32911.46, 0, 0, 0, 0);

-- --------------------------------------------------------

--
-- Table structure for table `measur_wc_order_stats`
--

CREATE TABLE `measur_wc_order_stats` (
  `order_id` bigint UNSIGNED NOT NULL,
  `parent_id` bigint UNSIGNED NOT NULL DEFAULT '0',
  `date_created` datetime NOT NULL DEFAULT '0000-00-00 00:00:00',
  `date_created_gmt` datetime NOT NULL DEFAULT '0000-00-00 00:00:00',
  `num_items_sold` int NOT NULL DEFAULT '0',
  `total_sales` double NOT NULL DEFAULT '0',
  `tax_total` double NOT NULL DEFAULT '0',
  `shipping_total` double NOT NULL DEFAULT '0',
  `net_total` double NOT NULL DEFAULT '0',
  `returning_customer` tinyint(1) DEFAULT NULL,
  `status` varchar(20) CHARACTER SET utf8mb4 COLLATE utf8mb4_unicode_520_ci NOT NULL,
  `customer_id` bigint UNSIGNED NOT NULL,
  `date_paid` datetime DEFAULT '0000-00-00 00:00:00',
  `date_completed` datetime DEFAULT '0000-00-00 00:00:00'
) ENGINE=InnoDB DEFAULT CHARSET=utf8mb4 COLLATE=utf8mb4_unicode_520_ci;

--
-- Dumping data for table `measur_wc_order_stats`
--

INSERT INTO `measur_wc_order_stats` (`order_id`, `parent_id`, `date_created`, `date_created_gmt`, `num_items_sold`, `total_sales`, `tax_total`, `shipping_total`, `net_total`, `returning_customer`, `status`, `customer_id`, `date_paid`, `date_completed`) VALUES
(7824, 0, '2023-04-22 12:20:57', '2023-04-22 12:20:57', 2, 40, 0, 0, 40, 0, 'wc-processing', 2, NULL, NULL),
(7937, 0, '2024-04-08 08:08:55', '2024-04-08 08:08:55', 2, 3500, 0, 0, 3500, 0, 'wc-cancelled', 3, NULL, NULL),
(7982, 0, '2024-04-11 04:00:13', '2024-04-11 04:00:13', 3, 5250, 0, 0, 5250, 0, 'wc-cancelled', 3, NULL, NULL),
(7989, 0, '2024-04-17 08:47:53', '2024-04-17 08:47:53', 1, 16455.73, 0, 0, 16455.73, 0, 'wc-cancelled', 4, NULL, NULL),
(7995, 0, '2024-06-04 03:14:14', '2024-06-04 03:14:14', 2, 32911.46, 0, 0, 32911.46, 0, 'wc-cancelled', 4, NULL, NULL);

-- --------------------------------------------------------

--
-- Table structure for table `measur_wc_order_tax_lookup`
--

CREATE TABLE `measur_wc_order_tax_lookup` (
  `order_id` bigint UNSIGNED NOT NULL,
  `tax_rate_id` bigint UNSIGNED NOT NULL,
  `date_created` datetime NOT NULL DEFAULT '0000-00-00 00:00:00',
  `shipping_tax` double NOT NULL DEFAULT '0',
  `order_tax` double NOT NULL DEFAULT '0',
  `total_tax` double NOT NULL DEFAULT '0'
) ENGINE=InnoDB DEFAULT CHARSET=utf8mb4 COLLATE=utf8mb4_unicode_520_ci;

-- --------------------------------------------------------

--
-- Table structure for table `measur_wc_product_attributes_lookup`
--

CREATE TABLE `measur_wc_product_attributes_lookup` (
  `product_id` bigint NOT NULL,
  `product_or_parent_id` bigint NOT NULL,
  `taxonomy` varchar(32) CHARACTER SET utf8mb4 COLLATE utf8mb4_unicode_520_ci NOT NULL,
  `term_id` bigint NOT NULL,
  `is_variation_attribute` tinyint(1) NOT NULL,
  `in_stock` tinyint(1) NOT NULL
) ENGINE=InnoDB DEFAULT CHARSET=utf8mb4 COLLATE=utf8mb4_unicode_520_ci;

-- --------------------------------------------------------

--
-- Table structure for table `measur_wc_product_download_directories`
--

CREATE TABLE `measur_wc_product_download_directories` (
  `url_id` bigint UNSIGNED NOT NULL,
  `url` varchar(256) CHARACTER SET utf8mb4 COLLATE utf8mb4_unicode_520_ci NOT NULL,
  `enabled` tinyint(1) NOT NULL DEFAULT '0'
) ENGINE=InnoDB DEFAULT CHARSET=utf8mb4 COLLATE=utf8mb4_unicode_520_ci;

--
-- Dumping data for table `measur_wc_product_download_directories`
--

INSERT INTO `measur_wc_product_download_directories` (`url_id`, `url`, `enabled`) VALUES
(1, 'file:///home4/nicktung/public_html/measurands.com.sg/wp-content/uploads/woocommerce_uploads/', 1),
(2, 'https://measurands.com.sg/wp-content/uploads/woocommerce_uploads/', 1);

-- --------------------------------------------------------

--
-- Table structure for table `measur_wc_product_meta_lookup`
--

CREATE TABLE `measur_wc_product_meta_lookup` (
  `product_id` bigint NOT NULL,
  `sku` varchar(100) CHARACTER SET utf8mb4 COLLATE utf8mb4_unicode_520_ci DEFAULT '',
  `virtual` tinyint(1) DEFAULT '0',
  `downloadable` tinyint(1) DEFAULT '0',
  `min_price` decimal(19,4) DEFAULT NULL,
  `max_price` decimal(19,4) DEFAULT NULL,
  `onsale` tinyint(1) DEFAULT '0',
  `stock_quantity` double DEFAULT NULL,
  `stock_status` varchar(100) CHARACTER SET utf8mb4 COLLATE utf8mb4_unicode_520_ci DEFAULT 'instock',
  `rating_count` bigint DEFAULT '0',
  `average_rating` decimal(3,2) DEFAULT '0.00',
  `total_sales` bigint DEFAULT '0',
  `tax_status` varchar(100) CHARACTER SET utf8mb4 COLLATE utf8mb4_unicode_520_ci DEFAULT 'taxable',
  `tax_class` varchar(100) CHARACTER SET utf8mb4 COLLATE utf8mb4_unicode_520_ci DEFAULT '',
  `global_unique_id` varchar(100) CHARACTER SET utf8mb4 COLLATE utf8mb4_unicode_520_ci DEFAULT ''
) ENGINE=InnoDB DEFAULT CHARSET=utf8mb4 COLLATE=utf8mb4_unicode_520_ci;

--
-- Dumping data for table `measur_wc_product_meta_lookup`
--

INSERT INTO `measur_wc_product_meta_lookup` (`product_id`, `sku`, `virtual`, `downloadable`, `min_price`, `max_price`, `onsale`, `stock_quantity`, `stock_status`, `rating_count`, `average_rating`, `total_sales`, `tax_status`, `tax_class`, `global_unique_id`) VALUES
(50, '', 0, 0, NULL, NULL, 0, NULL, 'instock', 0, 0.00, 13, 'taxable', '', ''),
(463, '', 0, 0, NULL, NULL, 0, NULL, 'instock', 0, NULL, 0, 'taxable', '', ''),
(490, '', 0, 0, NULL, NULL, 0, NULL, 'instock', 0, NULL, 0, 'taxable', '', ''),
(503, '', 0, 0, NULL, NULL, 0, NULL, 'instock', 0, NULL, 0, 'taxable', '', ''),
(509, '', 0, 0, NULL, NULL, 0, NULL, 'instock', 0, NULL, 0, 'taxable', '', ''),
(524, '', 0, 0, NULL, NULL, 0, NULL, 'instock', 0, NULL, 0, 'taxable', '', ''),
(529, '', 0, 0, NULL, NULL, 0, NULL, 'instock', 0, NULL, 0, 'taxable', '', ''),
(534, '', 0, 0, NULL, NULL, 0, NULL, 'instock', 0, NULL, 0, 'taxable', '', ''),
(539, '', 0, 0, NULL, NULL, 0, NULL, 'instock', 0, NULL, 0, 'taxable', '', ''),
(543, '', 0, 0, 21310.5600, 21310.5600, 0, NULL, 'instock', 0, 0.00, 0, 'taxable', '', ''),
(552, '', 0, 0, 3400.0000, 3400.0000, 0, NULL, 'instock', 0, 0.00, 0, 'taxable', '', ''),
(558, '', 0, 0, NULL, NULL, 0, NULL, 'instock', 0, NULL, 0, 'taxable', '', ''),
(567, '', 0, 0, NULL, NULL, 0, NULL, 'instock', 0, NULL, 0, 'taxable', '', ''),
(573, '', 0, 0, NULL, NULL, 0, NULL, 'instock', 0, NULL, 0, 'taxable', '', ''),
(579, '', 0, 0, 1840.0000, 1840.0000, 0, NULL, 'instock', 0, 0.00, 0, 'taxable', '', ''),
(585, '', 0, 0, NULL, NULL, 0, NULL, 'instock', 0, NULL, 0, 'taxable', '', ''),
(590, '', 0, 0, NULL, NULL, 0, NULL, 'instock', 0, NULL, 0, 'taxable', '', ''),
(595, '', 0, 0, NULL, NULL, 0, NULL, 'instock', 0, NULL, 0, 'taxable', '', ''),
(599, '', 0, 0, NULL, NULL, 0, NULL, 'instock', 0, NULL, 0, 'taxable', '', ''),
(604, '', 0, 0, NULL, NULL, 0, NULL, 'instock', 0, NULL, 0, 'taxable', '', ''),
(608, '', 0, 0, 2771.0000, 2771.0000, 0, NULL, 'instock', 0, 0.00, 0, 'taxable', '', ''),
(614, '', 0, 0, 2013.2800, 2013.2800, 0, NULL, 'instock', 0, 0.00, 0, 'taxable', '', ''),
(618, '', 0, 0, NULL, NULL, 0, NULL, 'instock', 0, NULL, 0, 'taxable', '', ''),
(622, '', 0, 0, 2750.0000, 2750.0000, 0, NULL, 'instock', 0, 0.00, 0, 'taxable', '', ''),
(625, '', 0, 0, NULL, NULL, 0, NULL, 'instock', 0, NULL, 0, 'taxable', '', ''),
(629, '', 0, 0, NULL, NULL, 0, NULL, 'instock', 0, NULL, 0, 'taxable', '', ''),
(635, '', 0, 0, NULL, NULL, 0, NULL, 'instock', 0, NULL, 0, 'taxable', '', ''),
(640, '', 0, 0, NULL, NULL, 0, NULL, 'instock', 0, NULL, 0, 'taxable', '', ''),
(644, '', 0, 0, NULL, NULL, 0, NULL, 'instock', 0, NULL, 0, 'taxable', '', ''),
(648, '', 0, 0, NULL, NULL, 0, NULL, 'instock', 0, NULL, 0, 'taxable', '', ''),
(651, '', 0, 0, NULL, NULL, 0, NULL, 'instock', 0, NULL, 0, 'taxable', '', ''),
(655, '', 0, 0, NULL, NULL, 0, NULL, 'instock', 0, NULL, 0, 'taxable', '', ''),
(658, '', 0, 0, NULL, NULL, 0, NULL, 'instock', 0, NULL, 0, 'taxable', '', ''),
(662, '', 0, 0, NULL, NULL, 0, NULL, 'instock', 0, NULL, 0, 'taxable', '', ''),
(665, '', 0, 0, NULL, NULL, 0, NULL, 'instock', 0, NULL, 0, 'taxable', '', ''),
(667, '', 0, 0, NULL, NULL, 0, NULL, 'instock', 0, NULL, 0, 'taxable', '', ''),
(671, '', 0, 0, NULL, NULL, 0, NULL, 'instock', 0, NULL, 0, 'taxable', '', ''),
(675, '', 0, 0, NULL, NULL, 0, NULL, 'instock', 0, NULL, 0, 'taxable', '', ''),
(679, '', 0, 0, NULL, NULL, 0, NULL, 'instock', 0, NULL, 0, 'taxable', '', ''),
(686, '', 0, 0, NULL, NULL, 0, NULL, 'instock', 0, NULL, 0, 'taxable', '', ''),
(691, '', 0, 0, 1841.0000, 1841.0000, 0, NULL, 'instock', 0, 0.00, 0, 'taxable', '', ''),
(700, '', 0, 0, NULL, NULL, 0, NULL, 'instock', 0, NULL, 0, 'taxable', '', ''),
(712, '', 0, 0, 1480.0000, 1480.0000, 0, NULL, 'instock', 0, 0.00, 0, 'taxable', '', ''),
(718, '', 0, 0, 2000.0000, 2000.0000, 0, NULL, 'instock', 0, 0.00, 0, 'taxable', '', ''),
(723, '', 0, 0, NULL, NULL, 0, NULL, 'instock', 0, NULL, 0, 'taxable', '', ''),
(728, '', 0, 0, NULL, NULL, 0, NULL, 'instock', 0, NULL, 0, 'taxable', '', ''),
(732, '', 0, 0, NULL, NULL, 0, NULL, 'instock', 0, NULL, 0, 'taxable', '', ''),
(734, '', 0, 0, NULL, NULL, 0, NULL, 'instock', 0, NULL, 0, 'taxable', '', ''),
(736, '', 0, 0, NULL, NULL, 0, NULL, 'instock', 0, NULL, 0, 'taxable', '', ''),
(738, '', 0, 0, 0.0000, 0.0000, 0, NULL, 'instock', 0, 0.00, 0, 'taxable', '', ''),
(741, '', 0, 0, NULL, NULL, 0, NULL, 'instock', 0, NULL, 0, 'taxable', '', ''),
(744, '', 0, 0, NULL, NULL, 0, NULL, 'instock', 0, NULL, 0, 'taxable', '', ''),
(747, '', 0, 0, NULL, NULL, 0, NULL, 'instock', 0, NULL, 0, 'taxable', '', ''),
(750, '', 0, 0, NULL, NULL, 0, NULL, 'instock', 0, NULL, 0, 'taxable', '', ''),
(753, '', 0, 0, NULL, NULL, 0, NULL, 'instock', 0, NULL, 0, 'taxable', '', ''),
(756, '', 0, 0, NULL, NULL, 0, NULL, 'instock', 0, NULL, 0, 'taxable', '', ''),
(760, '', 0, 0, NULL, NULL, 0, NULL, 'instock', 0, NULL, 0, 'taxable', '', ''),
(763, '', 0, 0, NULL, NULL, 0, NULL, 'instock', 0, NULL, 0, 'taxable', '', ''),
(766, '', 0, 0, NULL, NULL, 0, NULL, 'instock', 0, NULL, 0, 'taxable', '', ''),
(769, '', 0, 0, NULL, NULL, 0, NULL, 'instock', 0, NULL, 0, 'taxable', '', ''),
(773, '', 0, 0, NULL, NULL, 0, NULL, 'instock', 0, NULL, 0, 'taxable', '', ''),
(776, '', 0, 0, NULL, NULL, 0, NULL, 'instock', 0, NULL, 0, 'taxable', '', ''),
(779, '', 0, 0, NULL, NULL, 0, NULL, 'instock', 0, NULL, 0, 'taxable', '', ''),
(784, '', 0, 0, NULL, NULL, 0, NULL, 'instock', 0, NULL, 0, 'taxable', '', ''),
(786, '', 0, 0, NULL, NULL, 0, NULL, 'instock', 0, NULL, 0, 'taxable', '', ''),
(788, '', 0, 0, NULL, NULL, 0, NULL, 'instock', 0, NULL, 0, 'taxable', '', ''),
(790, '', 0, 0, NULL, NULL, 0, NULL, 'instock', 0, NULL, 0, 'taxable', '', ''),
(794, '', 0, 0, NULL, NULL, 0, NULL, 'instock', 0, NULL, 0, 'taxable', '', ''),
(797, '', 0, 0, NULL, NULL, 0, NULL, 'instock', 0, NULL, 0, 'taxable', '', ''),
(799, '', 0, 0, NULL, NULL, 0, NULL, 'instock', 0, NULL, 0, 'taxable', '', ''),
(801, '', 0, 0, NULL, NULL, 0, NULL, 'instock', 0, NULL, 0, 'taxable', '', ''),
(803, '', 0, 0, NULL, NULL, 0, NULL, 'instock', 0, NULL, 0, 'taxable', '', ''),
(805, '', 0, 0, NULL, NULL, 0, NULL, 'instock', 0, NULL, 0, 'taxable', '', ''),
(807, '', 0, 0, NULL, NULL, 0, NULL, 'instock', 0, NULL, 0, 'taxable', '', ''),
(808, '', 0, 0, NULL, NULL, 0, NULL, 'instock', 0, NULL, 0, 'taxable', '', ''),
(809, '', 0, 0, NULL, NULL, 0, NULL, 'instock', 0, NULL, 0, 'taxable', '', ''),
(813, '', 0, 0, NULL, NULL, 0, NULL, 'instock', 0, NULL, 0, 'taxable', '', ''),
(824, '', 0, 0, 830.0000, 830.0000, 0, NULL, 'instock', 0, 0.00, 0, 'taxable', '', ''),
(831, '', 0, 0, 270.0000, 270.0000, 0, NULL, 'instock', 0, 0.00, 0, 'taxable', '', ''),
(838, '', 0, 0, 380.0000, 380.0000, 0, NULL, 'instock', 0, 0.00, 0, 'taxable', '', ''),
(844, '', 0, 0, 622.0000, 622.0000, 0, NULL, 'instock', 0, 0.00, 0, 'taxable', '', ''),
(848, '', 0, 0, 1150.0000, 1150.0000, 0, NULL, 'instock', 0, 0.00, 0, 'taxable', '', ''),
(855, '', 0, 0, NULL, NULL, 0, NULL, 'instock', 0, NULL, 0, 'taxable', '', ''),
(876, '', 0, 0, 466.0000, 466.0000, 0, NULL, 'instock', 0, 0.00, 0, 'taxable', '', ''),
(888, '', 0, 0, 560.0000, 560.0000, 0, NULL, 'instock', 0, 0.00, 0, 'taxable', '', ''),
(898, '', 0, 0, NULL, NULL, 0, NULL, 'instock', 0, NULL, 0, 'taxable', '', ''),
(907, '', 0, 0, NULL, NULL, 0, NULL, 'instock', 0, NULL, 0, 'taxable', '', ''),
(914, '', 0, 0, NULL, NULL, 0, NULL, 'instock', 0, NULL, 0, 'taxable', '', ''),
(920, '', 0, 0, 1266.0000, 1266.0000, 0, NULL, 'instock', 0, 0.00, 0, 'taxable', '', ''),
(925, '', 0, 0, NULL, NULL, 0, NULL, 'instock', 0, NULL, 0, 'taxable', '', ''),
(930, '', 0, 0, 1050.0000, 1050.0000, 0, NULL, 'instock', 0, 0.00, 0, 'taxable', '', ''),
(932, '', 0, 0, NULL, NULL, 0, NULL, 'instock', 0, NULL, 0, 'taxable', '', ''),
(934, '', 0, 0, NULL, NULL, 0, NULL, 'instock', 0, NULL, 0, 'taxable', '', ''),
(936, '', 0, 0, NULL, NULL, 0, NULL, 'instock', 0, NULL, 0, 'taxable', '', ''),
(938, '', 0, 0, NULL, NULL, 0, NULL, 'instock', 0, NULL, 0, 'taxable', '', ''),
(949, '', 0, 0, NULL, NULL, 0, NULL, 'instock', 0, NULL, 0, 'taxable', '', ''),
(952, '', 0, 0, NULL, NULL, 0, NULL, 'instock', 0, NULL, 0, 'taxable', '', ''),
(958, '', 0, 0, 0.0000, 0.0000, 0, NULL, 'instock', 0, 0.00, 0, 'taxable', '', ''),
(960, '', 0, 0, NULL, NULL, 0, NULL, 'instock', 0, NULL, 0, 'taxable', '', ''),
(966, '', 0, 0, NULL, NULL, 0, NULL, 'instock', 0, NULL, 0, 'taxable', '', ''),
(973, '', 0, 0, NULL, NULL, 0, NULL, 'instock', 0, NULL, 0, 'taxable', '', ''),
(977, '', 0, 0, NULL, NULL, 0, NULL, 'instock', 0, NULL, 0, 'taxable', '', ''),
(982, '', 0, 0, NULL, NULL, 0, NULL, 'instock', 0, NULL, 0, 'taxable', '', ''),
(985, '', 0, 0, NULL, NULL, 0, NULL, 'instock', 0, NULL, 0, 'taxable', '', ''),
(991, '', 0, 0, NULL, NULL, 0, NULL, 'instock', 0, NULL, 0, 'taxable', '', ''),
(994, '', 0, 0, NULL, NULL, 0, NULL, 'instock', 0, NULL, 0, 'taxable', '', ''),
(997, '', 0, 0, NULL, NULL, 0, NULL, 'instock', 0, NULL, 0, 'taxable', '', ''),
(1000, '', 0, 0, NULL, NULL, 0, NULL, 'instock', 0, NULL, 0, 'taxable', '', ''),
(1007, '', 0, 0, NULL, NULL, 0, NULL, 'instock', 0, NULL, 0, 'taxable', '', ''),
(1011, '', 0, 0, NULL, NULL, 0, NULL, 'instock', 0, NULL, 0, 'taxable', '', ''),
(1017, '', 0, 0, NULL, NULL, 0, NULL, 'instock', 0, NULL, 0, 'taxable', '', ''),
(1021, '', 0, 0, NULL, NULL, 0, NULL, 'instock', 0, NULL, 0, 'taxable', '', ''),
(1026, '', 0, 0, 1330.0000, 1330.0000, 0, NULL, 'instock', 0, 0.00, 0, 'taxable', '', ''),
(1031, '', 0, 0, 668.0000, 668.0000, 0, NULL, 'instock', 0, 0.00, 0, 'taxable', '', ''),
(1036, '', 0, 0, NULL, NULL, 0, NULL, 'instock', 0, NULL, 0, 'taxable', '', ''),
(1042, '', 0, 0, NULL, NULL, 0, NULL, 'instock', 0, NULL, 0, 'taxable', '', ''),
(1047, '', 0, 0, NULL, NULL, 0, NULL, 'instock', 0, NULL, 0, 'taxable', '', ''),
(1049, '', 0, 0, NULL, NULL, 0, NULL, 'instock', 0, NULL, 0, 'taxable', '', ''),
(1062, '', 0, 0, NULL, NULL, 0, NULL, 'instock', 0, NULL, 0, 'taxable', '', ''),
(1067, '', 0, 0, NULL, NULL, 0, NULL, 'instock', 0, NULL, 0, 'taxable', '', ''),
(1072, '', 0, 0, NULL, NULL, 0, NULL, 'instock', 0, NULL, 0, 'taxable', '', ''),
(1077, '', 0, 0, 788.0000, 788.0000, 0, NULL, 'instock', 0, 0.00, 0, 'taxable', '', ''),
(1096, '', 0, 0, NULL, NULL, 0, NULL, 'instock', 0, NULL, 0, 'taxable', '', ''),
(1098, '', 0, 0, NULL, NULL, 0, NULL, 'instock', 0, NULL, 0, 'taxable', '', ''),
(1104, '', 0, 0, NULL, NULL, 0, NULL, 'instock', 0, NULL, 0, 'taxable', '', ''),
(1116, '', 0, 0, NULL, NULL, 0, NULL, 'instock', 0, NULL, 0, 'taxable', '', ''),
(1124, '', 0, 0, NULL, NULL, 0, NULL, 'instock', 0, NULL, 0, 'taxable', '', ''),
(1129, '', 0, 0, NULL, NULL, 0, NULL, 'instock', 0, NULL, 0, 'taxable', '', ''),
(1130, '', 0, 0, NULL, NULL, 0, NULL, 'instock', 0, NULL, 0, 'taxable', '', ''),
(1136, '', 0, 0, 0.0000, 0.0000, 0, NULL, 'instock', 0, 0.00, 0, 'taxable', '', ''),
(1148, '', 0, 0, NULL, NULL, 0, NULL, 'instock', 0, NULL, 0, 'taxable', '', ''),
(1152, '', 0, 0, NULL, NULL, 0, NULL, 'instock', 0, NULL, 0, 'taxable', '', ''),
(1156, '', 0, 0, NULL, NULL, 0, NULL, 'instock', 0, NULL, 0, 'taxable', '', ''),
(1157, '', 0, 0, 580.0000, 580.0000, 0, NULL, 'instock', 0, 0.00, 0, 'taxable', '', ''),
(1161, '', 0, 0, 1750.0000, 1750.0000, 0, NULL, 'instock', 0, 0.00, 0, 'taxable', '', ''),
(1166, '', 0, 0, NULL, NULL, 0, NULL, 'instock', 0, NULL, 0, 'taxable', '', ''),
(1175, '', 0, 0, NULL, NULL, 0, NULL, 'instock', 0, NULL, 0, 'taxable', '', ''),
(1177, '', 0, 0, 310.0000, 310.0000, 0, NULL, 'instock', 0, 0.00, 0, 'taxable', '', ''),
(1181, '', 0, 0, NULL, NULL, 0, NULL, 'instock', 0, NULL, 0, 'taxable', '', ''),
(1185, '', 0, 0, NULL, NULL, 0, NULL, 'instock', 0, NULL, 0, 'taxable', '', ''),
(1190, '', 0, 0, NULL, NULL, 0, NULL, 'instock', 0, NULL, 0, 'taxable', '', ''),
(1194, '', 0, 0, NULL, NULL, 0, NULL, 'instock', 0, NULL, 0, 'taxable', '', ''),
(1199, '', 0, 0, 280.0000, 280.0000, 0, NULL, 'instock', 0, 0.00, 0, 'taxable', '', ''),
(1206, '', 0, 0, NULL, NULL, 0, NULL, 'instock', 0, NULL, 0, 'taxable', '', ''),
(1224, '', 0, 0, NULL, NULL, 0, NULL, 'instock', 0, NULL, 0, 'taxable', '', ''),
(1229, '', 0, 0, NULL, NULL, 0, NULL, 'instock', 0, NULL, 0, 'taxable', '', ''),
(1236, '', 0, 0, NULL, NULL, 0, NULL, 'instock', 0, NULL, 0, 'taxable', '', ''),
(1242, '', 0, 0, NULL, NULL, 0, NULL, 'instock', 0, NULL, 0, 'taxable', '', ''),
(1243, '', 0, 0, NULL, NULL, 0, NULL, 'instock', 0, NULL, 0, 'taxable', '', ''),
(1249, '', 0, 0, NULL, NULL, 0, NULL, 'instock', 0, NULL, 0, 'taxable', '', ''),
(1256, '', 0, 0, NULL, NULL, 0, NULL, 'instock', 0, NULL, 0, 'taxable', '', ''),
(1263, '', 0, 0, NULL, NULL, 0, NULL, 'instock', 0, NULL, 0, 'taxable', '', ''),
(1269, '', 0, 0, NULL, NULL, 0, NULL, 'instock', 0, NULL, 0, 'taxable', '', ''),
(1276, '', 0, 0, 3200.0000, 3200.0000, 0, NULL, 'instock', 0, 0.00, 0, 'taxable', '', ''),
(1286, '', 0, 0, NULL, NULL, 0, NULL, 'instock', 0, NULL, 0, 'taxable', '', ''),
(1294, '', 0, 0, NULL, NULL, 0, NULL, 'instock', 0, NULL, 0, 'taxable', '', ''),
(1310, '', 0, 0, NULL, NULL, 0, NULL, 'instock', 0, NULL, 0, 'taxable', '', ''),
(1315, '', 0, 0, NULL, NULL, 0, NULL, 'instock', 0, NULL, 0, 'taxable', '', ''),
(1327, '', 0, 0, NULL, NULL, 0, NULL, 'instock', 0, NULL, 0, 'taxable', '', ''),
(1336, '', 0, 0, NULL, NULL, 0, NULL, 'instock', 0, NULL, 0, 'taxable', '', ''),
(1369, '', 0, 0, NULL, NULL, 0, NULL, 'instock', 0, NULL, 0, 'taxable', '', ''),
(1375, '', 0, 0, NULL, NULL, 0, NULL, 'instock', 0, NULL, 0, 'taxable', '', ''),
(1381, '', 0, 0, NULL, NULL, 0, NULL, 'instock', 0, NULL, 0, 'taxable', '', ''),
(1388, '', 0, 0, NULL, NULL, 0, NULL, 'instock', 0, NULL, 0, 'taxable', '', ''),
(1399, '', 0, 0, NULL, NULL, 0, NULL, 'instock', 0, NULL, 0, 'taxable', '', ''),
(1406, '', 0, 0, NULL, NULL, 0, NULL, 'instock', 0, NULL, 0, 'taxable', '', ''),
(1410, '', 0, 0, NULL, NULL, 0, NULL, 'instock', 0, NULL, 0, 'taxable', '', ''),
(1414, '', 0, 0, NULL, NULL, 0, NULL, 'instock', 0, NULL, 0, 'taxable', '', ''),
(1427, '', 0, 0, NULL, NULL, 0, NULL, 'instock', 0, NULL, 0, 'taxable', '', ''),
(1432, '', 0, 0, NULL, NULL, 0, NULL, 'instock', 0, NULL, 0, 'taxable', '', ''),
(1437, '', 0, 0, NULL, NULL, 0, NULL, 'instock', 0, NULL, 0, 'taxable', '', ''),
(1441, '', 0, 0, NULL, NULL, 0, NULL, 'instock', 0, NULL, 0, 'taxable', '', ''),
(1450, '', 0, 0, NULL, NULL, 0, NULL, 'instock', 0, NULL, 0, 'taxable', '', ''),
(1457, '', 0, 0, NULL, NULL, 0, NULL, 'instock', 0, NULL, 0, 'taxable', '', ''),
(1470, '', 0, 0, NULL, NULL, 0, NULL, 'instock', 0, NULL, 0, 'taxable', '', ''),
(1477, '', 0, 0, NULL, NULL, 0, NULL, 'instock', 0, NULL, 0, 'taxable', '', ''),
(1482, '', 0, 0, NULL, NULL, 0, NULL, 'instock', 0, NULL, 0, 'taxable', '', ''),
(1485, '', 0, 0, NULL, NULL, 0, NULL, 'instock', 0, NULL, 0, 'taxable', '', ''),
(1488, '', 0, 0, NULL, NULL, 0, NULL, 'instock', 0, NULL, 0, 'taxable', '', ''),
(1497, '', 0, 0, NULL, NULL, 0, NULL, 'instock', 0, NULL, 0, 'taxable', '', ''),
(1506, '', 0, 0, NULL, NULL, 0, NULL, 'instock', 0, NULL, 0, 'taxable', '', ''),
(1516, '', 0, 0, NULL, NULL, 0, NULL, 'instock', 0, NULL, 0, 'taxable', '', ''),
(1520, '', 0, 0, NULL, NULL, 0, NULL, 'instock', 0, NULL, 0, 'taxable', '', ''),
(1525, '', 0, 0, NULL, NULL, 0, NULL, 'instock', 0, NULL, 0, 'taxable', '', ''),
(1528, '', 0, 0, NULL, NULL, 0, NULL, 'instock', 0, NULL, 0, 'taxable', '', ''),
(1535, '', 0, 0, NULL, NULL, 0, NULL, 'instock', 0, NULL, 0, 'taxable', '', ''),
(1540, '', 0, 0, NULL, NULL, 0, NULL, 'instock', 0, NULL, 0, 'taxable', '', ''),
(1544, '', 0, 0, NULL, NULL, 0, NULL, 'instock', 0, NULL, 0, 'taxable', '', ''),
(1548, '', 0, 0, NULL, NULL, 0, NULL, 'instock', 0, NULL, 0, 'taxable', '', ''),
(1550, '', 0, 0, NULL, NULL, 0, NULL, 'instock', 0, NULL, 0, 'taxable', '', ''),
(1553, '', 0, 0, NULL, NULL, 0, NULL, 'instock', 0, NULL, 0, 'taxable', '', ''),
(1558, '', 0, 0, NULL, NULL, 0, NULL, 'instock', 0, NULL, 0, 'taxable', '', ''),
(1563, '', 0, 0, NULL, NULL, 0, NULL, 'instock', 0, NULL, 0, 'taxable', '', ''),
(1568, '', 0, 0, NULL, NULL, 0, NULL, 'instock', 0, NULL, 0, 'taxable', '', ''),
(1576, '', 0, 0, NULL, NULL, 0, NULL, 'instock', 0, NULL, 0, 'taxable', '', ''),
(1580, '', 0, 0, NULL, NULL, 0, NULL, 'instock', 0, NULL, 0, 'taxable', '', ''),
(1586, '', 0, 0, NULL, NULL, 0, NULL, 'instock', 0, NULL, 0, 'taxable', '', ''),
(1595, '', 0, 0, NULL, NULL, 0, NULL, 'instock', 0, NULL, 0, 'taxable', '', ''),
(1600, '', 0, 0, NULL, NULL, 0, NULL, 'instock', 0, NULL, 0, 'taxable', '', ''),
(1606, '', 0, 0, NULL, NULL, 0, NULL, 'instock', 0, NULL, 0, 'taxable', '', ''),
(1612, '', 0, 0, NULL, NULL, 0, NULL, 'instock', 0, NULL, 0, 'taxable', '', ''),
(1622, '', 0, 0, NULL, NULL, 0, NULL, 'instock', 0, NULL, 0, 'taxable', '', ''),
(1625, '', 0, 0, NULL, NULL, 0, NULL, 'instock', 0, NULL, 0, 'taxable', '', ''),
(1647, '', 0, 0, NULL, NULL, 0, NULL, 'instock', 0, NULL, 0, 'taxable', '', ''),
(1651, '', 0, 0, NULL, NULL, 0, NULL, 'instock', 0, NULL, 0, 'taxable', '', ''),
(1657, '', 0, 0, NULL, NULL, 0, NULL, 'instock', 0, NULL, 0, 'taxable', '', ''),
(1663, '', 0, 0, NULL, NULL, 0, NULL, 'instock', 0, NULL, 0, 'taxable', '', ''),
(1668, '', 0, 0, NULL, NULL, 0, NULL, 'instock', 0, NULL, 0, 'taxable', '', ''),
(1673, '', 0, 0, NULL, NULL, 0, NULL, 'instock', 0, NULL, 0, 'taxable', '', ''),
(1678, '', 0, 0, NULL, NULL, 0, NULL, 'instock', 0, NULL, 0, 'taxable', '', ''),
(1685, '', 0, 0, NULL, NULL, 0, NULL, 'instock', 0, NULL, 0, 'taxable', '', ''),
(1688, '', 0, 0, NULL, NULL, 0, NULL, 'instock', 0, NULL, 0, 'taxable', '', ''),
(1693, '', 0, 0, NULL, NULL, 0, NULL, 'instock', 0, NULL, 0, 'taxable', '', ''),
(1700, '', 0, 0, NULL, NULL, 0, NULL, 'instock', 0, NULL, 0, 'taxable', '', ''),
(1705, '', 0, 0, NULL, NULL, 0, NULL, 'instock', 0, NULL, 0, 'taxable', '', ''),
(1709, '', 0, 0, NULL, NULL, 0, NULL, 'instock', 0, NULL, 0, 'taxable', '', ''),
(1716, '', 0, 0, NULL, NULL, 0, NULL, 'instock', 0, NULL, 0, 'taxable', '', ''),
(1725, '', 0, 0, NULL, NULL, 0, NULL, 'instock', 0, NULL, 0, 'taxable', '', ''),
(1736, '', 0, 0, NULL, NULL, 0, NULL, 'instock', 0, NULL, 0, 'taxable', '', ''),
(1742, '', 0, 0, NULL, NULL, 0, NULL, 'instock', 0, NULL, 0, 'taxable', '', ''),
(1748, '', 0, 0, NULL, NULL, 0, NULL, 'instock', 0, NULL, 0, 'taxable', '', ''),
(1753, '', 0, 0, NULL, NULL, 0, NULL, 'instock', 0, NULL, 0, 'taxable', '', ''),
(1761, '', 0, 0, NULL, NULL, 0, NULL, 'instock', 0, NULL, 0, 'taxable', '', ''),
(1767, '', 0, 0, NULL, NULL, 0, NULL, 'instock', 0, NULL, 0, 'taxable', '', ''),
(1773, '', 0, 0, NULL, NULL, 0, NULL, 'instock', 0, NULL, 0, 'taxable', '', ''),
(1783, '', 0, 0, NULL, NULL, 0, NULL, 'instock', 0, NULL, 0, 'taxable', '', ''),
(1786, '', 0, 0, NULL, NULL, 0, NULL, 'instock', 0, NULL, 0, 'taxable', '', ''),
(1804, '', 0, 0, NULL, NULL, 0, NULL, 'instock', 0, NULL, 0, 'taxable', '', ''),
(1812, '', 0, 0, NULL, NULL, 0, NULL, 'instock', 0, NULL, 0, 'taxable', '', ''),
(1818, '', 0, 0, 50.0000, 50.0000, 0, NULL, 'instock', 0, 0.00, 0, 'taxable', '', ''),
(1826, '', 0, 0, NULL, NULL, 0, NULL, 'instock', 0, NULL, 0, 'taxable', '', ''),
(1829, '', 0, 0, NULL, NULL, 0, NULL, 'instock', 0, NULL, 0, 'taxable', '', ''),
(1832, '', 0, 0, NULL, NULL, 0, NULL, 'instock', 0, NULL, 0, 'taxable', '', ''),
(1836, '', 0, 0, NULL, NULL, 0, NULL, 'instock', 0, NULL, 0, 'taxable', '', ''),
(1839, '', 0, 0, NULL, NULL, 0, NULL, 'instock', 0, NULL, 0, 'taxable', '', ''),
(1843, '', 0, 0, NULL, NULL, 0, NULL, 'instock', 0, NULL, 0, 'taxable', '', ''),
(1848, '', 0, 0, NULL, NULL, 0, NULL, 'instock', 0, NULL, 0, 'taxable', '', ''),
(1851, '', 0, 0, NULL, NULL, 0, NULL, 'instock', 0, NULL, 0, 'taxable', '', ''),
(1854, '', 0, 0, NULL, NULL, 0, NULL, 'instock', 0, NULL, 0, 'taxable', '', ''),
(1858, '', 0, 0, NULL, NULL, 0, NULL, 'instock', 0, NULL, 0, 'taxable', '', ''),
(1862, '', 0, 0, NULL, NULL, 0, NULL, 'instock', 0, NULL, 0, 'taxable', '', ''),
(1864, '', 0, 0, NULL, NULL, 0, NULL, 'instock', 0, NULL, 0, 'taxable', '', ''),
(1866, '', 0, 0, NULL, NULL, 0, NULL, 'instock', 0, NULL, 0, 'taxable', '', ''),
(1872, '', 0, 0, NULL, NULL, 0, NULL, 'instock', 0, NULL, 0, 'taxable', '', ''),
(1877, '', 0, 0, NULL, NULL, 0, NULL, 'instock', 0, NULL, 0, 'taxable', '', ''),
(1879, '', 0, 0, NULL, NULL, 0, NULL, 'instock', 0, NULL, 0, 'taxable', '', ''),
(1882, '', 0, 0, 268.0000, 268.0000, 0, NULL, 'instock', 0, 0.00, 0, 'taxable', '', ''),
(1890, '', 0, 0, 320.0000, 320.0000, 0, NULL, 'instock', 0, 0.00, 0, 'taxable', '', ''),
(1896, '', 0, 0, 768.0000, 768.0000, 0, NULL, 'instock', 0, 0.00, 0, 'taxable', '', ''),
(1900, '', 0, 0, NULL, NULL, 0, NULL, 'instock', 0, NULL, 0, 'taxable', '', ''),
(1904, '', 0, 0, 540.0000, 540.0000, 0, NULL, 'instock', 0, 0.00, 0, 'taxable', '', ''),
(1908, '', 0, 0, 708.0000, 708.0000, 0, NULL, 'instock', 0, 0.00, 0, 'taxable', '', ''),
(1912, '', 0, 0, 930.0000, 930.0000, 0, NULL, 'instock', 0, 0.00, 0, 'taxable', '', ''),
(1919, '', 0, 0, NULL, NULL, 0, NULL, 'instock', 0, NULL, 0, 'taxable', '', ''),
(1924, '', 0, 0, NULL, NULL, 0, NULL, 'instock', 0, NULL, 0, 'taxable', '', ''),
(1928, '', 0, 0, NULL, NULL, 0, NULL, 'instock', 0, NULL, 0, 'taxable', '', ''),
(1933, '', 0, 0, NULL, NULL, 0, NULL, 'instock', 0, NULL, 0, 'taxable', '', ''),
(1939, '', 0, 0, NULL, NULL, 0, NULL, 'instock', 0, NULL, 0, 'taxable', '', ''),
(1942, '', 0, 0, NULL, NULL, 0, NULL, 'instock', 0, NULL, 0, 'taxable', '', ''),
(1952, '', 0, 0, NULL, NULL, 0, NULL, 'instock', 0, NULL, 0, 'taxable', '', ''),
(1957, '', 0, 0, NULL, NULL, 0, NULL, 'instock', 0, NULL, 0, 'taxable', '', ''),
(1977, '', 0, 0, 0.0000, 0.0000, 0, NULL, 'instock', 0, 0.00, 0, 'taxable', '', ''),
(1983, '', 0, 0, NULL, NULL, 0, NULL, 'instock', 0, NULL, 0, 'taxable', '', ''),
(1987, '', 0, 0, NULL, NULL, 0, NULL, 'instock', 0, NULL, 0, 'taxable', '', ''),
(1992, '', 0, 0, NULL, NULL, 0, NULL, 'instock', 0, NULL, 0, 'taxable', '', ''),
(1998, '', 0, 0, NULL, NULL, 0, NULL, 'instock', 0, NULL, 0, 'taxable', '', ''),
(2015, '', 0, 0, NULL, NULL, 0, NULL, 'instock', 0, NULL, 0, 'taxable', '', ''),
(2019, '', 0, 0, 338.0000, 338.0000, 0, NULL, 'instock', 0, 0.00, 0, 'taxable', '', ''),
(2021, '', 0, 0, NULL, NULL, 0, NULL, 'instock', 0, NULL, 0, 'taxable', '', ''),
(2025, '', 0, 0, NULL, NULL, 0, NULL, 'instock', 0, NULL, 0, 'taxable', '', ''),
(2030, '', 0, 0, NULL, NULL, 0, NULL, 'instock', 0, NULL, 0, 'taxable', '', ''),
(2038, '', 0, 0, NULL, NULL, 0, NULL, 'instock', 0, NULL, 0, 'taxable', '', ''),
(2040, '', 0, 0, NULL, NULL, 0, NULL, 'instock', 0, NULL, 0, 'taxable', '', ''),
(2049, '', 0, 0, NULL, NULL, 0, NULL, 'instock', 0, NULL, 0, 'taxable', '', ''),
(2057, '', 0, 0, NULL, NULL, 0, NULL, 'instock', 0, NULL, 0, 'taxable', '', ''),
(2061, '', 0, 0, NULL, NULL, 0, NULL, 'instock', 0, NULL, 0, 'taxable', '', ''),
(2067, '', 0, 0, NULL, NULL, 0, NULL, 'instock', 0, NULL, 0, 'taxable', '', ''),
(2072, '', 0, 0, NULL, NULL, 0, NULL, 'instock', 0, NULL, 0, 'taxable', '', ''),
(2079, '', 0, 0, NULL, NULL, 0, NULL, 'instock', 0, NULL, 0, 'taxable', '', ''),
(2082, '', 0, 0, NULL, NULL, 0, NULL, 'instock', 0, NULL, 0, 'taxable', '', ''),
(2093, '', 0, 0, NULL, NULL, 0, NULL, 'instock', 0, NULL, 0, 'taxable', '', ''),
(2097, '', 0, 0, NULL, NULL, 0, NULL, 'instock', 0, NULL, 0, 'taxable', '', ''),
(2100, '', 0, 0, NULL, NULL, 0, NULL, 'instock', 0, NULL, 0, 'taxable', '', ''),
(2113, '', 0, 0, NULL, NULL, 0, NULL, 'instock', 0, NULL, 0, 'taxable', '', ''),
(2121, '', 0, 0, NULL, NULL, 0, NULL, 'instock', 0, NULL, 0, 'taxable', '', ''),
(2124, '', 0, 0, 1074.0000, 1074.0000, 0, NULL, 'instock', 0, 0.00, 0, 'taxable', '', ''),
(2135, '', 0, 0, NULL, NULL, 0, NULL, 'instock', 0, NULL, 0, 'taxable', '', ''),
(2139, '', 0, 0, 251.0000, 251.0000, 0, NULL, 'instock', 0, 0.00, 0, 'taxable', '', ''),
(2144, '', 0, 0, NULL, NULL, 0, NULL, 'instock', 0, NULL, 0, 'taxable', '', ''),
(2149, '', 0, 0, NULL, NULL, 0, NULL, 'instock', 0, NULL, 0, 'taxable', '', ''),
(2154, '', 0, 0, NULL, NULL, 0, NULL, 'instock', 0, NULL, 0, 'taxable', '', ''),
(2158, '', 0, 0, NULL, NULL, 0, NULL, 'instock', 0, NULL, 0, 'taxable', '', ''),
(2162, '', 0, 0, NULL, NULL, 0, NULL, 'instock', 0, NULL, 0, 'taxable', '', ''),
(2163, '', 0, 0, NULL, NULL, 0, NULL, 'instock', 0, NULL, 0, 'taxable', '', ''),
(2169, '', 0, 0, NULL, NULL, 0, NULL, 'instock', 0, NULL, 0, 'taxable', '', ''),
(2173, '', 0, 0, NULL, NULL, 0, NULL, 'instock', 0, NULL, 0, 'taxable', '', ''),
(2177, '', 0, 0, 1225.0000, 1225.0000, 0, NULL, 'instock', 0, 0.00, 0, 'taxable', '', ''),
(2185, '', 0, 0, 907.0000, 907.0000, 0, NULL, 'instock', 0, 0.00, 0, 'taxable', '', ''),
(2191, '', 0, 0, NULL, NULL, 0, NULL, 'instock', 0, NULL, 0, 'taxable', '', ''),
(2196, '', 0, 0, NULL, NULL, 0, NULL, 'instock', 0, NULL, 0, 'taxable', '', ''),
(2201, '', 0, 0, NULL, NULL, 0, NULL, 'instock', 0, NULL, 0, 'taxable', '', ''),
(2207, '', 0, 0, NULL, NULL, 0, NULL, 'instock', 0, NULL, 0, 'taxable', '', ''),
(2209, '', 0, 0, NULL, NULL, 0, NULL, 'instock', 0, NULL, 0, 'taxable', '', ''),
(2214, '', 0, 0, NULL, NULL, 0, NULL, 'instock', 0, NULL, 0, 'taxable', '', ''),
(2215, '', 0, 0, NULL, NULL, 0, NULL, 'instock', 0, NULL, 0, 'taxable', '', ''),
(2223, '', 0, 0, NULL, NULL, 0, NULL, 'instock', 0, NULL, 0, 'taxable', '', ''),
(2224, '', 0, 0, NULL, NULL, 0, NULL, 'instock', 0, NULL, 0, 'taxable', '', ''),
(2229, '', 0, 0, NULL, NULL, 0, NULL, 'instock', 0, NULL, 0, 'taxable', '', ''),
(2234, '', 0, 0, NULL, NULL, 0, NULL, 'instock', 0, NULL, 0, 'taxable', '', ''),
(2237, '', 0, 0, 100.0000, 100.0000, 0, NULL, 'instock', 0, 0.00, 0, 'taxable', '', ''),
(2240, '', 0, 0, 168.0000, 168.0000, 0, NULL, 'instock', 0, 0.00, 0, 'taxable', '', ''),
(2245, '', 0, 0, NULL, NULL, 0, NULL, 'instock', 0, NULL, 0, 'taxable', '', ''),
(2248, '', 0, 0, NULL, NULL, 0, NULL, 'instock', 0, NULL, 0, 'taxable', '', ''),
(2251, '', 0, 0, 38.0000, 38.0000, 0, NULL, 'instock', 0, 0.00, 0, 'taxable', '', ''),
(2255, '', 0, 0, NULL, NULL, 0, NULL, 'instock', 0, NULL, 0, 'taxable', '', ''),
(2258, '', 0, 0, NULL, NULL, 0, NULL, 'instock', 0, NULL, 0, 'taxable', '', ''),
(2260, '', 0, 0, NULL, NULL, 0, NULL, 'instock', 0, NULL, 0, 'taxable', '', ''),
(2262, '', 0, 0, NULL, NULL, 0, NULL, 'instock', 0, NULL, 0, 'taxable', '', ''),
(2283, '', 0, 0, NULL, NULL, 0, NULL, 'instock', 0, NULL, 0, 'taxable', '', ''),
(2286, '', 0, 0, 0.0000, 0.0000, 0, NULL, 'instock', 0, 0.00, 2, 'taxable', '', ''),
(2292, '', 0, 0, NULL, NULL, 0, NULL, 'instock', 0, NULL, 0, 'taxable', '', ''),
(2295, '', 0, 0, NULL, NULL, 0, NULL, 'instock', 0, NULL, 0, 'taxable', '', ''),
(2298, '', 0, 0, NULL, NULL, 0, NULL, 'instock', 0, NULL, 0, 'taxable', '', ''),
(2301, '', 0, 0, NULL, NULL, 0, NULL, 'instock', 0, NULL, 0, 'taxable', '', ''),
(2304, '', 0, 0, NULL, NULL, 0, NULL, 'instock', 0, NULL, 0, 'taxable', '', ''),
(2339, '', 0, 0, NULL, NULL, 0, NULL, 'instock', 0, NULL, 0, 'taxable', '', ''),
(2346, '', 0, 0, NULL, NULL, 0, NULL, 'instock', 0, NULL, 0, 'taxable', '', ''),
(2351, '', 0, 0, 40.0000, 40.0000, 0, NULL, 'instock', 0, 0.00, 0, 'taxable', '', ''),
(2457, NULL, 0, 0, NULL, NULL, 0, NULL, 'instock', 0, NULL, NULL, NULL, NULL, ''),
(2458, NULL, 0, 0, NULL, NULL, 0, NULL, 'instock', 0, NULL, NULL, NULL, NULL, ''),
(2459, NULL, 0, 0, NULL, NULL, 0, NULL, 'instock', 0, NULL, NULL, NULL, NULL, ''),
(2590, '', 0, 0, NULL, NULL, 0, NULL, 'instock', 0, NULL, 0, 'taxable', '', ''),
(2621, '', 0, 0, NULL, NULL, 0, NULL, 'instock', 0, NULL, 0, 'taxable', '', ''),
(2656, '', 0, 0, NULL, NULL, 0, NULL, 'instock', 0, NULL, 0, 'taxable', '', ''),
(2689, '', 0, 0, NULL, NULL, 0, NULL, 'instock', 0, NULL, 0, 'taxable', '', ''),
(2803, '', 0, 0, NULL, NULL, 0, NULL, 'instock', 0, NULL, 0, 'taxable', '', ''),
(2810, '', 0, 0, NULL, NULL, 0, NULL, 'instock', 0, NULL, 0, 'taxable', '', ''),
(2815, '', 0, 0, NULL, NULL, 0, NULL, 'instock', 0, NULL, 0, 'taxable', '', ''),
(2820, '', 0, 0, NULL, NULL, 0, NULL, 'instock', 0, NULL, 0, 'taxable', '', ''),
(2855, '', 0, 0, 21435.8400, 21435.8400, 0, NULL, 'instock', 0, 0.00, 0, 'taxable', '', ''),
(2875, '', 0, 0, 416.0000, 416.0000, 0, NULL, 'instock', 0, 0.00, 0, 'taxable', '', ''),
(2884, '', 0, 0, 550.0000, 550.0000, 0, NULL, 'instock', 0, 0.00, 0, 'taxable', '', ''),
(2889, '', 0, 0, NULL, NULL, 0, NULL, 'instock', 0, NULL, 0, 'taxable', '', ''),
(2895, '', 0, 0, NULL, NULL, 0, NULL, 'instock', 0, NULL, 0, 'taxable', '', ''),
(2913, '', 0, 0, 1720.0000, 1720.0000, 0, NULL, 'instock', 0, 0.00, 0, 'taxable', '', ''),
(2921, '', 0, 0, 650.0000, 650.0000, 0, NULL, 'instock', 0, 0.00, 0, 'taxable', '', ''),
(2926, '', 0, 0, 2500.0000, 2500.0000, 0, NULL, 'instock', 0, 0.00, 0, 'taxable', '', ''),
(2930, '', 0, 0, 350.0000, 350.0000, 0, NULL, 'instock', 0, 0.00, 0, 'taxable', '', ''),
(2937, '', 0, 0, NULL, NULL, 0, NULL, 'instock', 0, NULL, 0, 'taxable', '', ''),
(2941, '', 0, 0, 620.0000, 620.0000, 0, NULL, 'instock', 0, 0.00, 0, 'taxable', '', ''),
(2945, '', 0, 0, 1060.0000, 1060.0000, 0, NULL, 'instock', 0, 0.00, 0, 'taxable', '', ''),
(2950, '', 0, 0, 1368.0000, 1368.0000, 0, NULL, 'instock', 0, 0.00, 0, 'taxable', '', ''),
(2955, '', 0, 0, 700.0000, 700.0000, 0, NULL, 'instock', 0, 0.00, 0, 'taxable', '', ''),
(2961, '', 0, 0, 790.0000, 790.0000, 0, NULL, 'instock', 0, 0.00, 0, 'taxable', '', ''),
(2966, '', 0, 0, 3980.0000, 3980.0000, 0, NULL, 'instock', 0, 0.00, 0, 'taxable', '', ''),
(2972, '', 0, 0, NULL, NULL, 0, NULL, 'instock', 0, NULL, 0, 'taxable', '', ''),
(2981, '', 0, 0, 355.0000, 355.0000, 0, NULL, 'instock', 0, 0.00, 0, 'taxable', '', ''),
(3011, '', 0, 0, 368.0000, 368.0000, 0, NULL, 'instock', 0, 0.00, 0, 'taxable', '', ''),
(3017, '', 0, 0, 190.0000, 190.0000, 0, NULL, 'instock', 0, 0.00, 0, 'taxable', '', ''),
(3022, '', 0, 0, 2700.0000, 2700.0000, 0, NULL, 'instock', 0, 0.00, 0, 'taxable', '', ''),
(3028, '', 0, 0, 438.0000, 438.0000, 0, NULL, 'instock', 0, 0.00, 0, 'taxable', '', ''),
(3033, '', 0, 0, 50.3200, 50.3200, 0, NULL, 'instock', 0, 0.00, 0, 'taxable', '', ''),
(3038, '', 0, 0, 58.8500, 58.8500, 0, NULL, 'instock', 0, 0.00, 0, 'taxable', '', ''),
(3043, '', 0, 0, 31.7800, 31.7800, 0, NULL, 'instock', 0, 0.00, 0, 'taxable', '', ''),
(3049, '', 0, 0, 176.5500, 176.5500, 0, NULL, 'instock', 0, 0.00, 0, 'taxable', '', ''),
(3052, '', 0, 0, 0.0000, 0.0000, 0, NULL, 'instock', 0, 0.00, 0, 'taxable', '', ''),
(3057, '', 0, 0, 58.8500, 58.8500, 0, NULL, 'instock', 0, 0.00, 0, 'taxable', '', ''),
(3061, '', 0, 0, NULL, NULL, 0, NULL, 'instock', 0, NULL, 0, 'taxable', '', ''),
(3066, '', 0, 0, 217.2100, 217.2100, 0, NULL, 'instock', 0, 0.00, 0, 'taxable', '', ''),
(3072, '', 0, 0, 52.4300, 52.4300, 0, NULL, 'instock', 0, 0.00, 0, 'taxable', '', ''),
(3078, '', 0, 0, 140.8000, 140.8000, 0, NULL, 'instock', 0, 0.00, 0, 'taxable', '', ''),
(3080, '', 0, 0, NULL, NULL, 0, NULL, 'instock', 0, NULL, 0, 'taxable', '', ''),
(3085, '', 0, 0, 1448.0000, 1448.0000, 0, NULL, 'instock', 0, 0.00, 0, 'taxable', '', ''),
(3093, '', 0, 0, NULL, NULL, 0, NULL, 'instock', 0, NULL, 0, 'taxable', '', ''),
(3095, '', 0, 0, NULL, NULL, 0, NULL, 'instock', 0, NULL, 0, 'taxable', '', ''),
(3098, '', 0, 0, NULL, NULL, 0, NULL, 'instock', 0, NULL, 0, 'taxable', '', ''),
(3100, '', 0, 0, 2494.0000, 2494.0000, 0, NULL, 'instock', 0, 0.00, 0, 'taxable', '', ''),
(3103, '', 0, 0, 1310.0000, 1310.0000, 0, NULL, 'instock', 0, 0.00, 0, 'taxable', '', ''),
(3105, '', 0, 0, NULL, NULL, 0, NULL, 'instock', 0, NULL, 0, 'taxable', '', ''),
(3116, '', 0, 0, NULL, NULL, 0, NULL, 'instock', 0, NULL, 0, 'taxable', '', ''),
(3119, '', 0, 0, 150.0000, 150.0000, 0, NULL, 'instock', 0, 0.00, 0, 'taxable', '', ''),
(3122, '', 0, 0, NULL, NULL, 0, NULL, 'instock', 0, NULL, 0, 'taxable', '', ''),
(3127, '', 0, 0, 340.0000, 340.0000, 0, NULL, 'instock', 0, 0.00, 0, 'taxable', '', ''),
(3132, '', 0, 0, 415.0000, 415.0000, 0, NULL, 'instock', 0, 0.00, 0, 'taxable', '', ''),
(3142, '', 0, 0, NULL, NULL, 0, NULL, 'instock', 0, NULL, 0, 'taxable', '', ''),
(3147, '', 0, 0, 383.0000, 383.0000, 0, NULL, 'instock', 0, 0.00, 0, 'taxable', '', ''),
(3151, '', 0, 0, 1074.0000, 1074.0000, 0, NULL, 'instock', 0, 0.00, 0, 'taxable', '', ''),
(3157, '', 0, 0, NULL, NULL, 0, NULL, 'instock', 0, NULL, 0, 'taxable', '', ''),
(3160, '', 0, 0, NULL, NULL, 0, NULL, 'instock', 0, NULL, 0, 'taxable', '', ''),
(3170, '', 0, 0, 0.0000, 0.0000, 0, NULL, 'instock', 0, 0.00, 0, 'taxable', '', ''),
(3174, '', 0, 0, NULL, NULL, 0, NULL, 'instock', 0, NULL, 0, 'taxable', '', ''),
(3178, '', 0, 0, NULL, NULL, 0, NULL, 'instock', 0, NULL, 0, 'taxable', '', ''),
(3206, '', 0, 0, NULL, NULL, 0, NULL, 'instock', 0, NULL, 0, 'taxable', '', ''),
(3209, '', 0, 0, NULL, NULL, 0, NULL, 'instock', 0, NULL, 0, 'taxable', '', ''),
(3215, '', 0, 0, NULL, NULL, 0, NULL, 'instock', 0, NULL, 0, 'taxable', '', ''),
(3218, '', 0, 0, NULL, NULL, 0, NULL, 'instock', 0, NULL, 0, 'taxable', '', ''),
(3229, '', 0, 0, NULL, NULL, 0, NULL, 'instock', 0, NULL, 0, 'taxable', '', ''),
(3242, '', 0, 0, NULL, NULL, 0, NULL, 'instock', 0, NULL, 0, 'taxable', '', ''),
(3276, '', 0, 0, NULL, NULL, 0, NULL, 'instock', 0, NULL, 0, 'taxable', '', ''),
(3565, '', 0, 0, NULL, NULL, 0, NULL, 'instock', 0, NULL, 0, 'taxable', '', ''),
(3602, '', 0, 0, NULL, NULL, 0, NULL, 'instock', 0, NULL, 0, 'taxable', '', ''),
(3605, '', 0, 0, NULL, NULL, 0, NULL, 'instock', 0, NULL, 0, 'taxable', '', ''),
(3693, '', 0, 0, NULL, NULL, 0, NULL, 'instock', 0, NULL, 0, 'taxable', '', ''),
(3696, '', 0, 0, NULL, NULL, 0, NULL, 'instock', 0, NULL, 0, 'taxable', '', ''),
(3700, '', 0, 0, NULL, NULL, 0, NULL, 'instock', 0, NULL, 0, 'taxable', '', ''),
(3704, '', 0, 0, NULL, NULL, 0, NULL, 'instock', 0, NULL, 0, 'taxable', '', ''),
(3708, '', 0, 0, NULL, NULL, 0, NULL, 'instock', 0, NULL, 0, 'taxable', '', ''),
(3712, '', 0, 0, NULL, NULL, 0, NULL, 'instock', 0, NULL, 0, 'taxable', '', ''),
(3716, '', 0, 0, NULL, NULL, 0, NULL, 'instock', 0, NULL, 0, 'taxable', '', ''),
(3720, '', 0, 0, NULL, NULL, 0, NULL, 'instock', 0, NULL, 0, 'taxable', '', ''),
(3778, '', 0, 0, NULL, NULL, 0, NULL, 'instock', 0, NULL, 0, 'taxable', '', ''),
(3797, '', 0, 0, NULL, NULL, 0, NULL, 'instock', 0, NULL, 0, 'taxable', '', ''),
(3817, '', 0, 0, 470.0000, 470.0000, 0, NULL, 'instock', 0, 0.00, 0, 'taxable', '', ''),
(3820, '', 0, 0, 610.0000, 610.0000, 0, NULL, 'instock', 0, 0.00, 0, 'taxable', '', ''),
(3823, '', 0, 0, NULL, NULL, 0, NULL, 'instock', 0, NULL, 0, 'taxable', '', ''),
(3830, '', 0, 0, NULL, NULL, 0, NULL, 'instock', 0, NULL, 0, 'taxable', '', ''),
(3833, '', 0, 0, NULL, NULL, 0, NULL, 'instock', 0, NULL, 0, 'taxable', '', ''),
(3839, '', 0, 0, NULL, NULL, 0, NULL, 'instock', 0, NULL, 0, 'taxable', '', ''),
(3842, '', 0, 0, 630.0000, 630.0000, 0, NULL, 'instock', 0, 0.00, 0, 'taxable', '', ''),
(3847, '', 0, 0, 675.0000, 675.0000, 0, NULL, 'instock', 0, 0.00, 0, 'taxable', '', ''),
(3852, '', 0, 0, NULL, NULL, 0, NULL, 'instock', 0, NULL, 0, 'taxable', '', ''),
(3858, '', 0, 0, 260.0000, 260.0000, 0, NULL, 'instock', 0, 0.00, 0, 'taxable', '', ''),
(3865, '', 0, 0, NULL, NULL, 0, NULL, 'instock', 0, NULL, 0, 'taxable', '', ''),
(3870, '', 0, 0, NULL, NULL, 0, NULL, 'instock', 0, NULL, 0, 'taxable', '', ''),
(3878, '', 0, 0, 1100.0000, 1100.0000, 0, NULL, 'instock', 0, 0.00, 0, 'taxable', '', ''),
(3883, '', 0, 0, 3300.0000, 3300.0000, 0, NULL, 'instock', 0, 0.00, 0, 'taxable', '', ''),
(3888, '', 0, 0, NULL, NULL, 0, NULL, 'instock', 0, NULL, 0, 'taxable', '', ''),
(3895, '', 0, 0, NULL, NULL, 0, NULL, 'instock', 0, NULL, 0, 'taxable', '', ''),
(3900, '', 0, 0, 730.0000, 730.0000, 0, NULL, 'instock', 0, 0.00, 0, 'taxable', '', ''),
(3904, '', 0, 0, 470.0000, 470.0000, 0, NULL, 'instock', 0, 0.00, 0, 'taxable', '', ''),
(3906, '', 0, 0, NULL, NULL, 0, NULL, 'instock', 0, NULL, 0, 'taxable', '', ''),
(3915, '', 0, 0, NULL, NULL, 0, NULL, 'instock', 0, NULL, 0, 'taxable', '', ''),
(3992, '', 0, 0, NULL, NULL, 0, NULL, 'instock', 0, NULL, 0, 'taxable', '', ''),
(3997, '', 0, 0, NULL, NULL, 0, NULL, 'instock', 0, NULL, 0, 'taxable', '', ''),
(4069, '', 0, 0, NULL, NULL, 0, NULL, 'instock', 0, NULL, 0, 'taxable', '', ''),
(4073, '', 0, 0, NULL, NULL, 0, NULL, 'instock', 0, NULL, 0, 'taxable', '', ''),
(4077, '', 0, 0, NULL, NULL, 0, NULL, 'instock', 0, NULL, 0, 'taxable', '', ''),
(4079, '', 0, 0, NULL, NULL, 0, NULL, 'instock', 0, NULL, 0, 'taxable', '', ''),
(4081, '', 0, 0, NULL, NULL, 0, NULL, 'instock', 0, NULL, 0, 'taxable', '', ''),
(4082, '', 0, 0, NULL, NULL, 0, NULL, 'instock', 0, NULL, 0, 'taxable', '', ''),
(4085, '', 0, 0, NULL, NULL, 0, NULL, 'instock', 0, NULL, 0, 'taxable', '', ''),
(4089, '', 0, 0, NULL, NULL, 0, NULL, 'instock', 0, NULL, 0, 'taxable', '', ''),
(4091, '', 0, 0, NULL, NULL, 0, NULL, 'instock', 0, NULL, 0, 'taxable', '', ''),
(4093, '', 0, 0, NULL, NULL, 0, NULL, 'instock', 0, NULL, 0, 'taxable', '', ''),
(4096, '', 0, 0, NULL, NULL, 0, NULL, 'instock', 0, NULL, 0, 'taxable', '', ''),
(4100, '', 0, 0, NULL, NULL, 0, NULL, 'instock', 0, NULL, 0, 'taxable', '', ''),
(4102, '', 0, 0, NULL, NULL, 0, NULL, 'instock', 0, NULL, 0, 'taxable', '', ''),
(4106, '', 0, 0, NULL, NULL, 0, NULL, 'instock', 0, NULL, 0, 'taxable', '', ''),
(4110, '', 0, 0, NULL, NULL, 0, NULL, 'instock', 0, NULL, 0, 'taxable', '', ''),
(4114, '', 0, 0, NULL, NULL, 0, NULL, 'instock', 0, NULL, 0, 'taxable', '', ''),
(4118, '', 0, 0, NULL, NULL, 0, NULL, 'instock', 0, NULL, 0, 'taxable', '', ''),
(4148, '', 0, 0, NULL, NULL, 0, NULL, 'instock', 0, NULL, 0, 'taxable', '', ''),
(4152, '', 0, 0, NULL, NULL, 0, NULL, 'instock', 0, NULL, 0, 'taxable', '', ''),
(4156, '', 0, 0, NULL, NULL, 0, NULL, 'instock', 0, NULL, 0, 'taxable', '', ''),
(4160, '', 0, 0, NULL, NULL, 0, NULL, 'instock', 0, NULL, 0, 'taxable', '', ''),
(4164, '', 0, 0, NULL, NULL, 0, NULL, 'instock', 0, NULL, 0, 'taxable', '', ''),
(4167, '', 0, 0, NULL, NULL, 0, NULL, 'instock', 0, NULL, 0, 'taxable', '', ''),
(4172, '', 0, 0, NULL, NULL, 0, NULL, 'instock', 0, NULL, 0, 'taxable', '', ''),
(4176, '', 0, 0, NULL, NULL, 0, NULL, 'instock', 0, NULL, 0, 'taxable', '', ''),
(4183, '', 0, 0, NULL, NULL, 0, NULL, 'instock', 0, NULL, 0, 'taxable', '', ''),
(4188, '', 0, 0, NULL, NULL, 0, NULL, 'instock', 0, NULL, 0, 'taxable', '', ''),
(4191, '', 0, 0, 0.0000, 0.0000, 0, NULL, 'instock', 0, 0.00, 0, 'taxable', '', ''),
(4196, '', 0, 0, NULL, NULL, 0, NULL, 'instock', 0, NULL, 0, 'taxable', '', ''),
(4200, '', 0, 0, NULL, NULL, 0, NULL, 'instock', 0, NULL, 0, 'taxable', '', ''),
(4243, '', 0, 0, NULL, NULL, 0, NULL, 'instock', 0, NULL, 0, 'taxable', '', ''),
(4442, '', 0, 0, NULL, NULL, 0, NULL, 'instock', 0, NULL, 0, 'taxable', '', ''),
(4452, '', 0, 0, NULL, NULL, 0, NULL, 'instock', 0, NULL, 0, 'taxable', '', ''),
(4467, '', 0, 0, NULL, NULL, 0, NULL, 'instock', 0, NULL, 0, 'taxable', '', ''),
(4475, '', 0, 0, NULL, NULL, 0, NULL, 'instock', 0, NULL, 0, 'taxable', '', ''),
(4482, '', 0, 0, NULL, NULL, 0, NULL, 'instock', 0, NULL, 0, 'taxable', '', ''),
(4490, '', 0, 0, NULL, NULL, 0, NULL, 'instock', 0, NULL, 0, 'taxable', '', ''),
(4498, '', 0, 0, NULL, NULL, 0, NULL, 'instock', 0, NULL, 0, 'taxable', '', ''),
(4507, '', 0, 0, NULL, NULL, 0, NULL, 'instock', 0, NULL, 0, 'taxable', '', ''),
(4514, '', 0, 0, NULL, NULL, 0, NULL, 'instock', 0, NULL, 0, 'taxable', '', ''),
(4624, '', 0, 0, 16907.4000, 16907.4000, 0, NULL, 'instock', 0, 0.00, 0, 'taxable', '', ''),
(4629, '', 0, 0, 0.0000, 0.0000, 0, NULL, 'instock', 0, 0.00, 0, 'taxable', '', ''),
(4648, '', 0, 0, NULL, NULL, 0, NULL, 'instock', 0, NULL, 0, 'taxable', '', ''),
(5275, '', 0, 0, NULL, NULL, 0, NULL, 'instock', 0, NULL, 0, 'taxable', '', ''),
(5291, '', 0, 0, NULL, NULL, 0, NULL, 'instock', 0, NULL, 0, 'taxable', '', ''),
(5532, '', 0, 0, 1608.0000, 1608.0000, 0, NULL, 'instock', 0, 0.00, 0, 'taxable', '', ''),
(5971, '', 0, 0, NULL, NULL, 0, NULL, 'instock', 0, NULL, 0, 'taxable', '', ''),
(5975, '', 0, 0, NULL, NULL, 0, NULL, 'instock', 0, NULL, 0, 'taxable', '', ''),
(5978, '', 0, 0, NULL, NULL, 0, NULL, 'instock', 0, NULL, 0, 'taxable', '', ''),
(5997, '', 0, 0, NULL, NULL, 0, NULL, 'instock', 0, NULL, 0, 'taxable', '', ''),
(6052, '', 0, 0, 210.0000, 210.0000, 0, NULL, 'instock', 0, 0.00, 0, 'taxable', '', ''),
(6071, '', 0, 0, NULL, NULL, 0, NULL, 'instock', 0, NULL, 0, 'taxable', '', ''),
(6226, '', 0, 0, 100.0000, 100.0000, 0, NULL, 'instock', 0, 0.00, 0, 'taxable', '', ''),
(6231, '', 0, 0, 118.0000, 118.0000, 0, NULL, 'instock', 0, 0.00, 0, 'taxable', '', ''),
(6240, '', 0, 0, NULL, NULL, 0, NULL, 'instock', 0, NULL, 0, 'taxable', '', ''),
(6246, '', 0, 0, 0.0000, 0.0000, 0, NULL, 'instock', 0, 0.00, 0, 'taxable', '', ''),
(6253, '', 0, 0, NULL, NULL, 0, NULL, 'instock', 0, NULL, 0, 'taxable', '', ''),
(6257, '', 0, 0, 0.0000, 0.0000, 0, NULL, 'instock', 0, 0.00, 0, 'taxable', '', ''),
(6262, '', 0, 0, NULL, NULL, 0, NULL, 'instock', 0, NULL, 0, 'taxable', '', ''),
(6280, '', 0, 0, NULL, NULL, 0, NULL, 'instock', 0, NULL, 0, 'taxable', '', ''),
(7439, '', 0, 0, NULL, NULL, 0, NULL, 'instock', 0, NULL, 0, NULL, NULL, ''),
(7444, '', 0, 0, 900.0000, 900.0000, 0, NULL, 'instock', 0, 0.00, 0, 'taxable', '', ''),
(7452, '', 0, 0, 0.0000, 0.0000, 0, NULL, 'instock', 0, 0.00, 0, 'taxable', '', ''),
(7465, '', 0, 0, NULL, NULL, 0, NULL, 'instock', 0, NULL, 0, NULL, NULL, ''),
(7467, '', 0, 0, 430.0000, 430.0000, 0, NULL, 'instock', 0, 0.00, 0, 'taxable', '', ''),
(7470, '', 0, 0, 631.0000, 631.0000, 0, NULL, 'instock', 0, 0.00, 0, 'taxable', '', ''),
(7475, '', 0, 0, NULL, NULL, 0, NULL, 'instock', 0, NULL, 0, NULL, NULL, ''),
(7489, '', 0, 0, NULL, NULL, 0, NULL, 'instock', 0, NULL, 0, NULL, NULL, ''),
(7500, '', 0, 0, 0.0000, 0.0000, 0, NULL, 'instock', 0, 0.00, 0, 'taxable', '', ''),
(7505, '', 0, 0, 0.0000, 0.0000, 0, NULL, 'instock', 0, 0.00, 0, 'taxable', '', ''),
(7762, '', 0, 0, 0.0000, 0.0000, 0, NULL, 'instock', 0, 0.00, 0, 'taxable', '', ''),
(7767, '', 0, 0, 0.0000, 0.0000, 0, NULL, 'instock', 0, 0.00, 2, 'taxable', '', ''),
(7881, '', 0, 0, 1525.0000, 1525.0000, 0, NULL, 'instock', 0, 0.00, 0, 'taxable', '', ''),
(7894, '', 0, 0, 16455.7300, 16455.7300, 0, NULL, 'instock', 0, 0.00, 0, 'taxable', '', '');

-- --------------------------------------------------------

--
-- Table structure for table `measur_wc_rate_limits`
--

CREATE TABLE `measur_wc_rate_limits` (
  `rate_limit_id` bigint UNSIGNED NOT NULL,
  `rate_limit_key` varchar(200) CHARACTER SET utf8mb4 COLLATE utf8mb4_unicode_520_ci NOT NULL,
  `rate_limit_expiry` bigint UNSIGNED NOT NULL,
  `rate_limit_remaining` smallint NOT NULL DEFAULT '0'
) ENGINE=InnoDB DEFAULT CHARSET=utf8mb4 COLLATE=utf8mb4_unicode_520_ci;

-- --------------------------------------------------------

--
-- Table structure for table `measur_wc_reserved_stock`
--

CREATE TABLE `measur_wc_reserved_stock` (
  `order_id` bigint NOT NULL,
  `product_id` bigint NOT NULL,
  `stock_quantity` double NOT NULL DEFAULT '0',
  `timestamp` datetime NOT NULL DEFAULT '0000-00-00 00:00:00',
  `expires` datetime NOT NULL DEFAULT '0000-00-00 00:00:00'
) ENGINE=InnoDB DEFAULT CHARSET=utf8mb4 COLLATE=utf8mb4_unicode_520_ci;

-- --------------------------------------------------------

--
-- Table structure for table `measur_wc_tax_rate_classes`
--

CREATE TABLE `measur_wc_tax_rate_classes` (
  `tax_rate_class_id` bigint UNSIGNED NOT NULL,
  `name` varchar(200) CHARACTER SET utf8mb4 COLLATE utf8mb4_unicode_520_ci NOT NULL DEFAULT '',
  `slug` varchar(200) CHARACTER SET utf8mb4 COLLATE utf8mb4_unicode_520_ci NOT NULL DEFAULT ''
) ENGINE=InnoDB DEFAULT CHARSET=utf8mb4 COLLATE=utf8mb4_unicode_520_ci;

--
-- Dumping data for table `measur_wc_tax_rate_classes`
--

INSERT INTO `measur_wc_tax_rate_classes` (`tax_rate_class_id`, `name`, `slug`) VALUES
(1, 'Reduced Rate', 'reduced-rate'),
(2, 'Zero Rate', 'zero-rate');

-- --------------------------------------------------------

--
-- Table structure for table `measur_wc_webhooks`
--

CREATE TABLE `measur_wc_webhooks` (
  `webhook_id` bigint UNSIGNED NOT NULL,
  `status` varchar(200) CHARACTER SET utf8mb4 COLLATE utf8mb4_unicode_520_ci NOT NULL,
  `name` text CHARACTER SET utf8mb4 COLLATE utf8mb4_unicode_520_ci NOT NULL,
  `user_id` bigint UNSIGNED NOT NULL,
  `delivery_url` text CHARACTER SET utf8mb4 COLLATE utf8mb4_unicode_520_ci NOT NULL,
  `secret` text CHARACTER SET utf8mb4 COLLATE utf8mb4_unicode_520_ci NOT NULL,
  `topic` varchar(200) CHARACTER SET utf8mb4 COLLATE utf8mb4_unicode_520_ci NOT NULL,
  `date_created` datetime NOT NULL DEFAULT '0000-00-00 00:00:00',
  `date_created_gmt` datetime NOT NULL DEFAULT '0000-00-00 00:00:00',
  `date_modified` datetime NOT NULL DEFAULT '0000-00-00 00:00:00',
  `date_modified_gmt` datetime NOT NULL DEFAULT '0000-00-00 00:00:00',
  `api_version` smallint NOT NULL,
  `failure_count` smallint NOT NULL DEFAULT '0',
  `pending_delivery` tinyint(1) NOT NULL DEFAULT '0'
) ENGINE=InnoDB DEFAULT CHARSET=utf8mb4 COLLATE=utf8mb4_unicode_520_ci;

-- --------------------------------------------------------

--
-- Table structure for table `measur_wfauditevents`
--

CREATE TABLE `measur_wfauditevents` (
  `id` bigint UNSIGNED NOT NULL,
  `type` varchar(255) NOT NULL DEFAULT '',
  `data` text NOT NULL,
  `event_time` double(14,4) NOT NULL,
  `request_id` bigint UNSIGNED NOT NULL,
  `state` enum('new','sending','sent') NOT NULL DEFAULT 'new',
  `state_timestamp` timestamp NOT NULL DEFAULT CURRENT_TIMESTAMP ON UPDATE CURRENT_TIMESTAMP
) ENGINE=InnoDB DEFAULT CHARSET=utf8mb3;

-- --------------------------------------------------------

--
-- Table structure for table `measur_wfblockediplog`
--

CREATE TABLE `measur_wfblockediplog` (
  `IP` binary(16) NOT NULL DEFAULT '\0\0\0\0\0\0\0\0\0\0\0\0\0\0\0\0',
  `countryCode` varchar(2) NOT NULL,
  `blockCount` int UNSIGNED NOT NULL DEFAULT '0',
  `unixday` int UNSIGNED NOT NULL,
  `blockType` varchar(50) NOT NULL DEFAULT 'generic'
) ENGINE=InnoDB DEFAULT CHARSET=utf8mb3;

--
-- Dumping data for table `measur_wfblockediplog`
--

INSERT INTO `measur_wfblockediplog` (`IP`, `countryCode`, `blockCount`, `unixday`, `blockType`) VALUES
(0x00000000000000000000ffff220b07f8, 'US', 1, 20619, 'brute'),
(0x00000000000000000000ffff220e7c18, 'BE', 1, 20602, 'brute'),
(0x00000000000000000000ffff2210401f, 'US', 2, 20619, 'brute'),
(0x00000000000000000000ffff223eb8e9, 'BE', 1, 20619, 'brute'),
(0x00000000000000000000ffff223f4030, 'US', 2, 20601, 'brute'),
(0x00000000000000000000ffff2285cc51, 'US', 1, 20605, 'brute'),
(0x00000000000000000000ffff229e482f, 'NL', 1, 20619, 'brute'),
(0x00000000000000000000ffff22a84675, 'US', 1, 20601, 'brute'),
(0x00000000000000000000ffff23c0c705, 'US', 2, 20605, 'brute'),
(0x00000000000000000000ffff23ff8af8, 'US', 1, 20619, 'brute'),
(0x00000000000000000000ffff36ce4277, 'AU', 1, 20607, 'brute'),
(0x00000000000000000000ffff62624228, 'US', 1, 20609, 'brute'),
(0x00000000000000000000ffff8890238b, 'US', 1, 20610, 'brute'),
(0x00000000000000000000ffff8ac5de69, 'US', 5, 20619, 'brute'),
(0x00000000000000000000ffff9df54fcd, 'NL', 2, 20619, 'brute'),
(0x00000000000000000000ffff9f590f43, 'DE', 2, 20619, 'brute'),
(0x00000000000000000000ffffaa40aba6, 'AU', 1, 20613, 'brute'),
(0x00000000000000000000ffffb9fcdf27, 'HU', 1, 20617, 'brute');

-- --------------------------------------------------------

--
-- Table structure for table `measur_wfblocks7`
--

CREATE TABLE `measur_wfblocks7` (
  `id` bigint UNSIGNED NOT NULL,
  `type` int UNSIGNED NOT NULL DEFAULT '0',
  `IP` binary(16) NOT NULL DEFAULT '\0\0\0\0\0\0\0\0\0\0\0\0\0\0\0\0',
  `blockedTime` bigint NOT NULL,
  `reason` varchar(255) NOT NULL,
  `lastAttempt` int UNSIGNED DEFAULT '0',
  `blockedHits` int UNSIGNED DEFAULT '0',
  `expiration` bigint UNSIGNED NOT NULL DEFAULT '0',
  `parameters` text
) ENGINE=InnoDB DEFAULT CHARSET=utf8mb3;

-- --------------------------------------------------------

--
-- Table structure for table `measur_wfconfig`
--

CREATE TABLE `measur_wfconfig` (
  `name` varchar(100) NOT NULL,
  `val` longblob,
  `autoload` enum('no','yes') NOT NULL DEFAULT 'yes'
) ENGINE=InnoDB DEFAULT CHARSET=utf8mb3;

--
-- Dumping data for table `measur_wfconfig`
--

INSERT INTO `measur_wfconfig` (`name`, `val`, `autoload`) VALUES
('activatingIP', 0x3130332e3235302e3136332e313037, 'yes'),
('actUpdateInterval', 0x32, 'yes'),
('addCacheComment', 0x30, 'yes'),
('adminNoticeQueue', 0x613a313a7b733a33363a2233383039656131312d663431392d346465352d613534382d623734396236343635643261223b613a333a7b733a383a227365766572697479223b733a383a22637269746963616c223b733a31313a226d65737361676548544d4c223b733a3335373a22546865206c6173742072756c65732075706461746520666f722074686520576f726466656e636520576562204170706c69636174696f6e204669726577616c6c2077617320756e7375636365737366756c2e20546865206c617374207375636365737366756c2075706461746520636865636b20776173204d617920362c203230323620393a353620616d2c20736f20746869732073697465206d6179206265206d697373696e67206e65772072756c65732061646465642073696e6365207468656e2e20596f75206d6179207761697420666f7220746865206e657874206175746f6d6174696320617474656d7074206f72206c6f6720696e746f2074686520706172656e74207369746520746f206d616e75616c6c792075706461746520627920636c69636b696e672074686520224d616e75616c6c7920526566726573682052756c65732220627574746f6e2062656c6f77207468652052756c6573206c6973742e223b733a383a2263617465676f7279223b733a31363a227761662d72756c65732d6661696c6564223b7d7d, 'yes'),
('adminUserList', 0x613a313a7b693a313b693a313b7d, 'yes'),
('advancedCommentScanning', 0x31, 'yes'),
('ajaxWatcherDisabled_admin', 0x30, 'yes'),
('ajaxWatcherDisabled_front', 0x30, 'yes'),
('alertEmails', 0x6468727576657368406e69636b74756e672e636f6d, 'yes'),
('alertOn_adminLogin', 0x31, 'yes'),
('alertOn_block', 0x30, 'yes'),
('alertOn_breachLogin', 0x31, 'yes'),
('alertOn_firstAdminLoginOnly', 0x30, 'yes'),
('alertOn_firstNonAdminLoginOnly', 0x30, 'yes'),
('alertOn_loginLockout', 0x30, 'yes'),
('alertOn_lostPasswdForm', 0x31, 'yes'),
('alertOn_nonAdminLogin', 0x30, 'yes'),
('alertOn_scanIssues', 0x31, 'yes'),
('alertOn_severityLevel', 0x3235, 'yes'),
('alertOn_throttle', 0x30, 'yes'),
('alertOn_update', 0x30, 'yes'),
('alertOn_wafDeactivated', 0x30, 'yes'),
('alertOn_wordfenceDeactivated', 0x31, 'yes'),
('alert_maxHourly', 0x30, 'yes'),
('allowed404s', 0x2f66617669636f6e2e69636f0a2f6170706c652d746f7563682d69636f6e2a2e706e670a2f2a4032782e706e670a2f62726f77736572636f6e6669672e786d6c, 'yes'),
('allowed404s6116Migration', 0x31, 'yes'),
('allowHTTPSCaching', 0x30, 'yes'),
('allowLegacy2FA', 0x30, 'yes'),
('allowMySQLi', 0x31, 'yes'),
('allScansScheduled', 0x613a333a7b693a303b613a323a7b733a393a2274696d657374616d70223b693a313738313730303037393b733a343a2261726773223b613a313a7b693a303b693a313738313730303037393b7d7d693a313b613a323a7b733a393a2274696d657374616d70223b693a313738313935393237393b733a343a2261726773223b613a313a7b693a303b693a313738313935393237393b7d7d693a323b613a323a7b733a393a2274696d657374616d70223b693a313738323231383437393b733a343a2261726773223b613a313a7b693a303b693a313738323231383437393b7d7d7d, 'yes'),
('apiKey', 0x6435323538343231356530363837393663643966633665346165363939353235613238316230323434646235326664386333323162633863616663396435653035386563313264323238343032343836633061363130363834633533646330323263623636313133383139346264396437656534656430633537653062656539, 'yes'),
('auditLogMode', 0x64656661756c74, 'yes'),
('autoBlockScanners', 0x31, 'yes'),
('autoUpdate', 0x30, 'yes'),
('autoUpdateAttempts', 0x30, 'yes'),
('autoUpdateChoice', 0x31, 'yes'),
('bannedURLs', '', 'yes'),
('blockCustomText', '', 'yes'),
('blockedTime', 0x333030, 'yes'),
('blocks702Migration', 0x31, 'yes'),
('cacheType', 0x64697361626c6564, 'yes'),
('cbl_action', 0x626c6f636b, 'yes'),
('cbl_bypassRedirDest', '', 'yes'),
('cbl_bypassRedirURL', '', 'yes'),
('cbl_bypassViewURL', '', 'yes'),
('cbl_cookieVal', 0x36336362393631346633363131, 'yes'),
('cbl_loggedInBlocked', '', 'yes'),
('cbl_redirURL', '', 'yes'),
('cbl_restOfSiteBlocked', 0x31, 'yes'),
('checkSpamIP', 0x31, 'yes'),
('config701Migration', 0x31, 'yes'),
('config720Migration', 0x31, 'yes');
INSERT INTO `measur_wfconfig` (`name`, `val`, `autoload`) VALUES
('coreHashes', 0x[encoded data, 405710 characters], 'no');
